(318,NULL,'13','51','data:image/png;base64,[BLOB]','BIHAR',NULL,'Career Counselling Sessions','2023-05-29 14:19:43.038000','2023-05-29 14:19:43.038000','2023-05-29 14:19:43.036000',NULL,NULL,'2023-06-07'),(319,NULL,'19','51','data:image/png;base64,[BLOB]','BIHAR',NULL,'Skill Showcase Competitions','2023-05-29 14:19:43.065000','2023-05-29 14:19:43.065000','2023-05-29 14:19:43.063000',NULL,NULL,'2023-06-10'),(320,NULL,'18','51','data:image/png;base64,[BLOB]','BIHAR',NULL,'Expert Lecture by Industry Speakers','2023-05-29 14:19:43.075000','2023-05-29 14:19:43.075000','2023-05-29 14:19:43.074000',NULL,NULL,'2023-06-09'),(321,NULL,'23','51','data:image/png;base64,[BLOB]','BIHAR',NULL,'Skill Olympiad','2023-05-29 14:19:43.098000','2023-05-29 14:19:43.098000','2023-05-29 14:19:43.095000',NULL,NULL,'2023-06-13'),(322,NULL,'21','51','data:image/png;base64,[BLOB]','BIHAR',NULL,'Skill Awareness Campaign','2023-05-29 14:19:43.110000','2023-05-29 14:19:43.110000','2023-05-29 14:19:43.108000',NULL,NULL,'2023-06-12'),(323,NULL,'20','51','data:image/png;base64,[BLOB]','BIHAR',NULL,'Essay Writing Competition','2023-05-29 14:19:43.121000','2023-05-29 14:19:43.121000','2023-05-29 14:19:43.119000',NULL,NULL,'2023-06-10'),(324,NULL,'17','51','data:image/png;base64,[BLOB]','BIHAR',NULL,'Skill Innovation Challenge','2023-05-29 14:19:43.127000','2023-05-29 14:19:43.127000','2023-05-29 14:19:43.125000',NULL,NULL,'2023-06-09'),(325,NULL,'25','51','data:image/png;base64,[BLOB]','BIHAR',NULL,'Workshops','2023-05-29 14:19:43.510000','2023-05-29 14:19:43.510000','2023-05-29 14:19:43.508000',NULL,NULL,'2023-06-14'),(326,NULL,'27','51','data:image/png;base64,[BLOB]','BIHAR',NULL,'Workshop','2023-05-29 14:19:44.500000','2023-05-29 14:19:44.500000','2023-05-29 14:19:44.497000',NULL,NULL,'2023-06-15'),(327,NULL,'26','51','data:image/png;base64,[BLOB]','BIHAR',NULL,'Career Counselling Session ','2023-05-29 14:19:44.522000','2023-05-29 14:19:44.522000','2023-05-29 14:19:44.520000',NULL,NULL,'2023-06-14'),(328,NULL,'22','51','data:image/png;base64,[BLOB]','BIHAR',NULL,'Slogan Writing Competition','2023-05-29 14:19:45.467000','2023-05-29 14:19:45.467000','2023-05-29 14:19:45.464000',NULL,NULL,'2023-06-12'),(329,500,'3','52','data:image/png;base64,[BLOB]','RAJASTHAN',NULL,'Skill Quiz Competition','2023-05-29 14:23:09.345000','2023-05-29 14:25:33.169000','2023-05-29 14:23:09.342000',NULL,NULL,'2023-06-01'),(330,NULL,'7','52','data:image/png;base64,[BLOB]','RAJASTHAN',NULL,'Skill Hackathon','2023-05-29 14:23:09.352000','2023-05-29 14:23:09.352000','2023-05-29 14:23:09.350000',NULL,NULL,'2023-06-03'),(331,NULL,'4','52','data:image/png;base64,[BLOB]','RAJASTHAN',NULL,'Cyclathon','2023-05-29 14:23:09.370000','2023-05-29 14:23:09.370000','2023-05-29 14:23:09.368000',NULL,NULL,'2023-05-01'),(332,NULL,'6','52','data:image/png;base64,[BLOB]','RAJASTHAN',NULL,'Prabhat Feri, Poster Release ','2023-05-29 14:23:09.380000','2023-05-29 14:23:09.380000','2023-05-29 14:23:09.377000',NULL,NULL,'2023-06-02'),(333,NULL,'8','52','data:image/png;base64,[BLOB]','RAJASTHAN',NULL,'Swachhata Campaign','2023-05-29 14:23:09.388000','2023-05-29 14:23:09.388000','2023-05-29 14:23:09.386000',NULL,NULL,'2023-06-03'),(334,NULL,'5','52','data:image/png;base64,[BLOB]','RAJASTHAN',NULL,'Webinar Series','2023-05-29 14:23:09.399000','2023-05-29 14:23:09.399000','2023-05-29 14:23:09.394000',NULL,NULL,'2023-06-02'),(335,NULL,'9','52','data:image/png;base64,[BLOB]','RAJASTHAN',NULL,'Industry Immersion Visits ','2023-05-29 14:23:09.424000','2023-05-29 14:23:09.424000','2023-05-29 14:23:09.422000',NULL,NULL,'2023-06-05'),(336,NULL,'20','52','data:image/png;base64,[BLOB]','RAJASTHAN',NULL,'Essay Writing Competition','2023-05-29 14:23:09.678000','2023-05-29 14:23:09.678000','2023-05-29 14:23:09.676000',NULL,NULL,'2023-06-10'),(337,NULL,'10','52','data:image/png;base64,[BLOB]','RAJASTHAN',NULL,'Tree Plantation Derive','2023-05-29 14:23:10.060000','2023-05-29 14:23:10.060000','2023-05-29 14:23:10.058000',NULL,NULL,'2023-06-05'),(338,NULL,'11','52','data:image/png;base64,[BLOB]','RAJASTHAN',NULL,'Skill Masterclasses','2023-05-29 14:23:10.528000','2023-05-29 14:23:10.528000','2023-05-29 14:23:10.525000',NULL,NULL,'2023-06-06'),(339,NULL,'22','52','data:image/png;base64,[BLOB]','RAJASTHAN',NULL,'Slogan Writing Competition','2023-05-29 14:23:10.641000','2023-05-29 14:23:10.641000','2023-05-29 14:23:10.639000',NULL,NULL,'2023-06-12'),(340,NULL,'21','52','data:image/png;base64,[BLOB]','RAJASTHAN',NULL,'Skill Awareness Campaign','2023-05-29 14:23:10.679000','2023-05-29 14:23:10.679000','2023-05-29 14:23:10.677000',NULL,NULL,'2023-06-12'),(341,NULL,'12','52','data:image/png;base64,[BLOB]','RAJASTHAN',NULL,'Face Painting/Rangoli Competition ','2023-05-29 14:23:11.069000','2023-05-29 14:23:11.069000','2023-05-29 14:23:11.067000',NULL,NULL,'2023-06-06'),(342,NULL,'13','52','data:image/png;base64,[BLOB]','RAJASTHAN',NULL,'Career Counselling Sessions','2023-05-29 14:23:11.077000','2023-05-29 14:23:11.077000','2023-05-29 14:23:11.075000',NULL,NULL,'2023-06-07'),(343,NULL,'18','52','data:image/png;base64,[BLOB]','RAJASTHAN',NULL,'Expert Lecture by Industry Speakers','2023-05-29 14:23:11.661000','2023-05-29 14:23:11.661000','2023-05-29 14:23:11.659000',NULL,NULL,'2023-06-09'),(344,NULL,'27','52','data:image/png;base64,[BLOB]','RAJASTHAN',NULL,'Workshop','2023-05-29 14:23:11.669000','2023-05-29 14:23:11.669000','2023-05-29 14:23:11.666000',NULL,NULL,'2023-06-15'),(345,NULL,'14','52','data:image/png;base64,[BLOB]','RAJASTHAN',NULL,'Marathon','2023-05-29 14:23:12.079000','2023-05-29 14:23:12.079000','2023-05-29 14:23:12.078000',NULL,NULL,'2023-06-07'),(346,NULL,'15','52','data:image/png;base64,[BLOB]','RAJASTHAN',NULL,'Entrepreneurship Bootcamp','2023-05-29 14:23:12.096000','2023-05-29 14:23:12.096000','2023-05-29 14:23:12.094000',NULL,NULL,'2023-06-08'),(347,NULL,'16','52','data:image/png;base64,[BLOB]','RAJASTHAN',NULL,'Debate Competition','2023-05-29 14:23:12.108000','2023-05-29 14:23:12.108000','2023-05-29 14:23:12.106000',NULL,NULL,'2023-06-08'),(348,NULL,'23','52','data:image/png;base64,[BLOB]','RAJASTHAN',NULL,'Skill Olympiad','2023-05-29 14:23:12.119000','2023-05-29 14:23:12.119000','2023-05-29 14:23:12.112000',NULL,NULL,'2023-06-13'),(349,NULL,'17','52','data:image/png;base64,[BLOB]','RAJASTHAN',NULL,'Skill Innovation Challenge','2023-05-29 14:23:13.110000','2023-05-29 14:23:13.110000','2023-05-29 14:23:13.108000',NULL,NULL,'2023-06-09'),(350,NULL,'25','52','data:image/png;base64,[BLOB]','RAJASTHAN',NULL,'Workshops','2023-05-29 14:23:13.119000','2023-05-29 14:23:13.119000','2023-05-29 14:23:13.117000',NULL,NULL,'2023-06-14'),(351,NULL,'24','52','data:image/png;base64,[BLOB]','RAJASTHAN',NULL,'Yoga  Competition ','2023-05-29 14:23:13.138000','2023-05-29 14:23:13.138000','2023-05-29 14:23:13.134000',NULL,NULL,'2023-06-13'),(352,NULL,'19','52','data:image/png;base64,[BLOB]','RAJASTHAN',NULL,'Skill Showcase Competitions','2023-05-29 14:23:13.155000','2023-05-29 14:23:13.155000','2023-05-29 14:23:13.149000',NULL,NULL,'2023-06-10'),(353,NULL,'26','52','data:image/png;base64,[BLOB]','RAJASTHAN',NULL,'Career Counselling Session ','2023-05-29 14:23:13.173000','2023-05-29 14:23:13.173000','2023-05-29 14:23:13.171000',NULL,NULL,'2023-06-14'),(354,NULL,'3','53','data:image/png;base64,[BLOB]','HIMACHAL PRADESH',NULL,'Skill Quiz Competition','2023-05-29 14:36:27.924000','2023-05-29 14:36:27.924000','2023-05-29 14:36:27.920000',NULL,NULL,'2023-06-01'),(355,NULL,'4','53','data:image/png;base64,[BLOB]','HIMACHAL PRADESH',NULL,'Cyclathon','2023-05-29 14:36:27.958000','2023-05-29 14:36:27.958000','2023-05-29 14:36:27.956000',NULL,NULL,'2023-05-01'),(356,NULL,'5','53','data:image/png;base64,[BLOB]','HIMACHAL PRADESH',NULL,'Webinar Series','2023-05-29 14:36:27.986000','2023-05-29 14:36:27.986000','2023-05-29 14:36:27.984000',NULL,NULL,'2023-06-02'),(357,NULL,'20','53','data:image/png;base64,[BLOB]','HIMACHAL PRADESH',NULL,'Essay Writing Competition','2023-05-29 14:36:28.002000','2023-05-29 14:36:28.002000','2023-05-29 14:36:27.994000',NULL,NULL,'2023-06-10'),(358,NULL,'22','53','data:image/png;base64,[BLOB]','HIMACHAL PRADESH',NULL,'Slogan Writing Competition','2023-05-29 14:36:28.017000','2023-05-29 14:36:28.017000','2023-05-29 14:36:28.015000',NULL,NULL,'2023-06-12'),(359,NULL,'21','53','data:image/png;base64,[BLOB]','HIMACHAL PRADESH',NULL,'Skill Awareness Campaign','2023-05-29 14:36:28.053000','2023-05-29 14:36:28.053000','2023-05-29 14:36:28.051000',NULL,NULL,'2023-06-12'),(360,NULL,'16','53','data:image/png;base64,[BLOB]','HIMACHAL PRADESH',NULL,'Debate Competition','2023-05-29 14:36:28.062000','2023-05-29 14:36:28.062000','2023-05-29 14:36:28.059000',NULL,NULL,'2023-06-08'),(361,NULL,'17','53','data:image/png;base64,[BLOB]','HIMACHAL PRADESH',NULL,'Skill Innovation Challenge','2023-05-29 14:36:28.077000','2023-05-29 14:36:28.077000','2023-05-29 14:36:28.075000',NULL,NULL,'2023-06-09'),(362,NULL,'6','53','data:image/png;base64,[BLOB]','HIMACHAL PRADESH',NULL,'Prabhat Feri, Poster Release ','2023-05-29 14:36:28.087000','2023-05-29 14:36:28.087000','2023-05-29 14:36:28.081000',NULL,NULL,'2023-06-02'),(363,NULL,'7','53','data:image/png;base64,[BLOB]','HIMACHAL PRADESH',NULL,'Skill Hackathon','2023-05-29 14:36:28.104000','2023-05-29 14:36:28.104000','2023-05-29 14:36:28.101000',NULL,NULL,'2023-06-03'),(364,NULL,'12','53','data:image/png;base64,[BLOB]','HIMACHAL PRADESH',NULL,'Face Painting/Rangoli Competition ','2023-05-29 14:36:28.126000','2023-05-29 14:36:28.126000','2023-05-29 14:36:28.116000',NULL,NULL,'2023-06-06'),(365,NULL,'25','53','data:image/png;base64,[BLOB]','HIMACHAL PRADESH',NULL,'Workshops','2023-05-29 14:36:28.547000','2023-05-29 14:36:28.547000','2023-05-29 14:36:28.533000',NULL,NULL,'2023-06-14'),(366,NULL,'8','53','data:image/png;base64,[BLOB]','HIMACHAL PRADESH',NULL,'Swachhata Campaign','2023-05-29 14:36:28.820000','2023-05-29 14:36:28.820000','2023-05-29 14:36:28.818000',NULL,NULL,'2023-06-03'),(367,NULL,'26','53','data:image/png;base64,[BLOB]','HIMACHAL PRADESH',NULL,'Career Counselling Session ','2023-05-29 14:36:29.468000','2023-05-29 14:36:29.468000','2023-05-29 14:36:29.462000',NULL,NULL,'2023-06-14'),(368,NULL,'27','53','data:image/png;base64,[BLOB]','HIMACHAL PRADESH',NULL,'Workshop','2023-05-29 14:36:29.481000','2023-05-29 14:36:29.481000','2023-05-29 14:36:29.479000',NULL,NULL,'2023-06-15'),(369,NULL,'9','53','data:image/png;base64,[BLOB]','HIMACHAL PRADESH',NULL,'Industry Immersion Visits ','2023-05-29 14:36:29.822000','2023-05-29 14:36:29.822000','2023-05-29 14:36:29.819000',NULL,NULL,'2023-06-05'),(370,NULL,'11','53','data:image/png;base64,[BLOB]','HIMACHAL PRADESH',NULL,'Skill Masterclasses','2023-05-29 14:36:29.834000','2023-05-29 14:36:29.834000','2023-05-29 14:36:29.828000',NULL,NULL,'2023-06-06'),(371,NULL,'14','53','data:image/png;base64,[BLOB]','HIMACHAL PRADESH',NULL,'Marathon','2023-05-29 14:36:30.840000','2023-05-29 14:36:30.840000','2023-05-29 14:36:30.838000',NULL,NULL,'2023-06-07'),(372,NULL,'23','53','data:image/png;base64,[BLOB]','HIMACHAL PRADESH',NULL,'Skill Olympiad','2023-05-29 14:36:30.853000','2023-05-29 14:36:30.853000','2023-05-29 14:36:30.851000',NULL,NULL,'2023-06-13'),(373,NULL,'10','53','data:image/png;base64,[BLOB]','HIMACHAL PRADESH',NULL,'Tree Plantation Derive','2023-05-29 14:36:30.858000','2023-05-29 14:36:30.858000','2023-05-29 14:36:30.856000',NULL,NULL,'2023-06-05'),(374,NULL,'24','53','data:image/png;base64,[BLOB]','HIMACHAL PRADESH',NULL,'Yoga  Competition ','2023-05-29 14:36:30.865000','2023-05-29 14:36:30.865000','2023-05-29 14:36:30.863000',NULL,NULL,'2023-06-13'),(375,NULL,'15','53','data:image/png;base64,[BLOB]','HIMACHAL PRADESH',NULL,'Entrepreneurship Bootcamp','2023-05-29 14:36:31.849000','2023-05-29 14:36:31.849000','2023-05-29 14:36:31.846000',NULL,NULL,'2023-06-08'),(376,NULL,'19','53','data:image/png;base64,[BLOB]','HIMACHAL PRADESH',NULL,'Skill Showcase Competitions','2023-05-29 14:36:31.859000','2023-05-29 14:36:31.859000','2023-05-29 14:36:31.857000',NULL,NULL,'2023-06-10'),(377,NULL,'18','53','data:image/png;base64,[BLOB]','HIMACHAL PRADESH',NULL,'Expert Lecture by Industry Speakers','2023-05-29 14:36:31.867000','2023-05-29 14:36:31.867000','2023-05-29 14:36:31.865000',NULL,NULL,'2023-06-09'),(378,NULL,'13','53','data:image/png;base64,[BLOB]','HIMACHAL PRADESH',NULL,'Career Counselling Sessions','2023-05-29 14:36:31.874000','2023-05-29 14:36:31.874000','2023-05-29 14:36:31.873000',NULL,NULL,'2023-06-07'),(379,NULL,'3','54','data:image/png;base64,[BLOB]','UTTARAKHAND',NULL,'Skill Quiz Competition','2023-05-29 14:50:22.910000','2023-05-29 14:50:22.910000','2023-05-29 14:50:22.908000',NULL,NULL,'2023-06-01'),(380,NULL,'5','54','data:image/png;base64,[BLOB]','UTTARAKHAND',NULL,'Webinar Series','2023-05-29 14:50:22.920000','2023-05-29 14:50:22.920000','2023-05-29 14:50:22.918000',NULL,NULL,'2023-06-02'),(381,NULL,'4','54','data:image/png;base64,[BLOB]','UTTARAKHAND',NULL,'Cyclathon','2023-05-29 14:50:23.050000','2023-05-29 14:50:23.050000','2023-05-29 14:50:23.047000',NULL,NULL,'2023-05-01'),(382,NULL,'6','54','data:image/png;base64,[BLOB]','UTTARAKHAND',NULL,'Prabhat Feri, Poster Release ','2023-05-29 14:50:23.067000','2023-05-29 14:50:23.067000','2023-05-29 14:50:23.065000',NULL,NULL,'2023-06-02'),(383,NULL,'7','54','data:image/png;base64,[BLOB]','UTTARAKHAND',NULL,'Skill Hackathon','2023-05-29 14:50:23.079000','2023-05-29 14:50:23.079000','2023-05-29 14:50:23.075000',NULL,NULL,'2023-06-03'),(384,NULL,'8','54','data:image/png;base64,[BLOB]','UTTARAKHAND',NULL,'Swachhata Campaign','2023-05-29 14:50:23.091000','2023-05-29 14:50:23.091000','2023-05-29 14:50:23.089000',NULL,NULL,'2023-06-03'),(385,NULL,'9','54','data:image/png;base64,[BLOB]','UTTARAKHAND',NULL,'Industry Immersion Visits ','2023-05-29 14:50:23.098000','2023-05-29 14:50:23.098000','2023-05-29 14:50:23.096000',NULL,NULL,'2023-06-05'),(386,NULL,'10','54','data:image/png;base64,[BLOB]','UTTARAKHAND',NULL,'Tree Plantation Derive','2023-05-29 14:50:23.115000','2023-05-29 14:50:23.115000','2023-05-29 14:50:23.109000',NULL,NULL,'2023-06-05'),(387,NULL,'11','54','data:image/png;base64,[BLOB]','UTTARAKHAND',NULL,'Skill Masterclasses','2023-05-29 14:50:23.142000','2023-05-29 14:50:23.142000','2023-05-29 14:50:23.140000',NULL,NULL,'2023-06-06'),(388,NULL,'12','54','data:image/png;base64,[BLOB]','UTTARAKHAND',NULL,'Face Painting/Rangoli Competition ','2023-05-29 14:50:23.158000','2023-05-29 14:50:23.158000','2023-05-29 14:50:23.154000',NULL,NULL,'2023-06-06'),(389,NULL,'13','54','data:image/png;base64,[BLOB]','UTTARAKHAND',NULL,'Career Counselling Sessions','2023-05-29 14:50:23.180000','2023-05-29 14:50:23.180000','2023-05-29 14:50:23.176000',NULL,NULL,'2023-06-07'),(390,NULL,'20','54','data:image/png;base64,[BLOB]','UTTARAKHAND',NULL,'Essay Writing Competition','2023-05-29 14:50:23.193000','2023-05-29 14:50:23.193000','2023-05-29 14:50:23.191000',NULL,NULL,'2023-06-10'),(391,NULL,'15','54','data:image/png;base64,[BLOB]','UTTARAKHAND',NULL,'Entrepreneurship Bootcamp','2023-05-29 14:50:23.316000','2023-05-29 14:50:23.316000','2023-05-29 14:50:23.314000',NULL,NULL,'2023-06-08'),(392,NULL,'21','54','data:image/png;base64,[BLOB]','UTTARAKHAND',NULL,'Skill Awareness Campaign','2023-05-29 14:50:23.580000','2023-05-29 14:50:23.580000','2023-05-29 14:50:23.578000',NULL,NULL,'2023-06-12'),(393,NULL,'16','54','data:image/png;base64,[BLOB]','UTTARAKHAND',NULL,'Debate Competition','2023-05-29 14:50:24.305000','2023-05-29 14:50:24.305000','2023-05-29 14:50:24.300000',NULL,NULL,'2023-06-08'),(394,NULL,'17','54','data:image/png;base64,[BLOB]','UTTARAKHAND',NULL,'Skill Innovation Challenge','2023-05-29 14:50:24.346000','2023-05-29 14:50:24.346000','2023-05-29 14:50:24.344000',NULL,NULL,'2023-06-09'),(395,NULL,'14','54','data:image/png;base64,[BLOB]','UTTARAKHAND',NULL,'Marathon','2023-05-29 14:50:24.584000','2023-05-29 14:50:24.584000','2023-05-29 14:50:24.582000',NULL,NULL,'2023-06-07'),(396,NULL,'18','54','data:image/png;base64,[BLOB]','UTTARAKHAND',NULL,'Expert Lecture by Industry Speakers','2023-05-29 14:50:25.338000','2023-05-29 14:50:25.338000','2023-05-29 14:50:25.336000',NULL,NULL,'2023-06-09'),(397,NULL,'19','54','data:image/png;base64,[BLOB]','UTTARAKHAND',NULL,'Skill Showcase Competitions','2023-05-29 14:50:25.348000','2023-05-29 14:50:25.348000','2023-05-29 14:50:25.345000',NULL,NULL,'2023-06-10'),(398,NULL,'22','54','data:image/png;base64,[BLOB]','UTTARAKHAND',NULL,'Slogan Writing Competition','2023-05-29 14:50:25.363000','2023-05-29 14:50:25.363000','2023-05-29 14:50:25.361000',NULL,NULL,'2023-06-12'),(399,NULL,'23','54','data:image/png;base64,[BLOB]','UTTARAKHAND',NULL,'Skill Olympiad','2023-05-29 14:50:25.380000','2023-05-29 14:50:25.380000','2023-05-29 14:50:25.379000',NULL,NULL,'2023-06-13'),(400,NULL,'24','54','data:image/png;base64,[BLOB]','UTTARAKHAND',NULL,'Yoga  Competition ','2023-05-29 14:50:26.347000','2023-05-29 14:50:26.347000','2023-05-29 14:50:26.343000',NULL,NULL,'2023-06-13'),(401,NULL,'25','54','data:image/png;base64,[BLOB]','UTTARAKHAND',NULL,'Workshops','2023-05-29 14:50:26.372000','2023-05-29 14:50:26.372000','2023-05-29 14:50:26.366000',NULL,NULL,'2023-06-14'),(402,NULL,'26','54','data:image/png;base64,[BLOB]','UTTARAKHAND',NULL,'Career Counselling Session ','2023-05-29 14:50:26.385000','2023-05-29 14:50:26.385000','2023-05-29 14:50:26.381000',NULL,NULL,'2023-06-14'),(403,NULL,'27','54','data:image/png;base64,[BLOB]','UTTARAKHAND',NULL,'Workshop','2023-05-29 14:50:26.408000','2023-05-29 14:50:26.408000','2023-05-29 14:50:26.406000',NULL,NULL,'2023-06-15'),(404,300,'3','55','data:image/png;base64,[BLOB]','RAJASTHAN',NULL,'Skill Quiz Competition','2023-05-29 16:53:54.967000','2023-05-29 16:57:37.199000','2023-05-29 16:53:54.964000',NULL,NULL,'2023-06-01'),(405,NULL,'11','55','data:image/png;base64,[BLOB]','RAJASTHAN',NULL,'Skill Masterclasses','2023-05-29 16:53:54.975000','2023-05-29 16:53:54.975000','2023-05-29 16:53:54.973000',NULL,NULL,'2023-06-06'),(406,NULL,'5','55','data:image/png;base64,[BLOB]','RAJASTHAN',NULL,'Webinar Series','2023-05-29 16:53:55.081000','2023-05-29 16:53:55.081000','2023-05-29 16:53:55.076000',NULL,NULL,'2023-06-02'),(407,NULL,'9','55','data:image/png;base64,[BLOB]','RAJASTHAN',NULL,'Industry Immersion Visits ','2023-05-29 16:53:55.092000','2023-05-29 16:53:55.092000','2023-05-29 16:53:55.090000',NULL,NULL,'2023-06-05'),(408,NULL,'13','55','data:image/png;base64,[BLOB]','RAJASTHAN',NULL,'Career Counselling Sessions','2023-05-29 16:53:55.140000','2023-05-29 16:53:55.140000','2023-05-29 16:53:55.137000',NULL,NULL,'2023-06-07'),(409,NULL,'12','55','data:image/png;base64,[BLOB]','RAJASTHAN',NULL,'Face Painting/Rangoli Competition ','2023-05-29 16:53:55.162000','2023-05-29 16:53:55.162000','2023-05-29 16:53:55.160000',NULL,NULL,'2023-06-06'),(410,NULL,'15','55','data:image/png;base64,[BLOB]','RAJASTHAN',NULL,'Entrepreneurship Bootcamp','2023-05-29 16:53:55.176000','2023-05-29 16:53:55.176000','2023-05-29 16:53:55.171000',NULL,NULL,'2023-06-08'),(411,NULL,'16','55','data:image/png;base64,[BLOB]','RAJASTHAN',NULL,'Debate Competition','2023-05-29 16:53:55.187000','2023-05-29 16:53:55.187000','2023-05-29 16:53:55.185000',NULL,NULL,'2023-06-08'),(412,NULL,'4','55','data:image/png;base64,[BLOB]','RAJASTHAN',NULL,'Cyclathon','2023-05-29 16:53:55.198000','2023-05-29 16:53:55.198000','2023-05-29 16:53:55.192000',NULL,NULL,'2023-05-01'),(413,NULL,'6','55','data:image/png;base64,[BLOB]','RAJASTHAN',NULL,'Prabhat Feri, Poster Release ','2023-05-29 16:53:55.236000','2023-05-29 16:53:55.236000','2023-05-29 16:53:55.234000',NULL,NULL,'2023-06-02'),(414,NULL,'7','55','data:image/png;base64,[BLOB]','RAJASTHAN',NULL,'Skill Hackathon','2023-05-29 16:53:55.243000','2023-05-29 16:53:55.243000','2023-05-29 16:53:55.240000',NULL,NULL,'2023-06-03'),(415,NULL,'8','55','data:image/png;base64,[BLOB]','RAJASTHAN',NULL,'Swachhata Campaign','2023-05-29 16:53:55.253000','2023-05-29 16:53:55.253000','2023-05-29 16:53:55.251000',NULL,NULL,'2023-06-03'),(416,NULL,'17','55','data:image/png;base64,[BLOB]','RAJASTHAN',NULL,'Skill Innovation Challenge','2023-05-29 16:53:55.805000','2023-05-29 16:53:55.805000','2023-05-29 16:53:55.802000',NULL,NULL,'2023-06-09'),(417,NULL,'10','55','data:image/png;base64,[BLOB]','RAJASTHAN',NULL,'Tree Plantation Derive','2023-05-29 16:53:55.971000','2023-05-29 16:53:55.971000','2023-05-29 16:53:55.969000',NULL,NULL,'2023-06-05'),(418,NULL,'18','55','data:image/png;base64,[BLOB]','RAJASTHAN',NULL,'Expert Lecture by Industry Speakers','2023-05-29 16:53:56.791000','2023-05-29 16:53:56.791000','2023-05-29 16:53:56.789000',NULL,NULL,'2023-06-09'),(419,NULL,'19','55','data:image/png;base64,[BLOB]','RAJASTHAN',NULL,'Skill Showcase Competitions','2023-05-29 16:53:56.810000','2023-05-29 16:53:56.810000','2023-05-29 16:53:56.808000',NULL,NULL,'2023-06-10'),(420,NULL,'20','55','data:image/png;base64,[BLOB]','RAJASTHAN',NULL,'Essay Writing Competition','2023-05-29 16:53:56.951000','2023-05-29 16:53:56.951000','2023-05-29 16:53:56.948000',NULL,NULL,'2023-06-10'),(421,NULL,'24','55','data:image/png;base64,[BLOB]','RAJASTHAN',NULL,'Yoga  Competition ','2023-05-29 16:53:56.958000','2023-05-29 16:53:56.958000','2023-05-29 16:53:56.956000',NULL,NULL,'2023-06-13'),(422,NULL,'22','55','data:image/png;base64,[BLOB]','RAJASTHAN',NULL,'Slogan Writing Competition','2023-05-29 16:53:57.739000','2023-05-29 16:53:57.739000','2023-05-29 16:53:57.736000',NULL,NULL,'2023-06-12'),(423,NULL,'23','55','data:image/png;base64,[BLOB]','RAJASTHAN',NULL,'Skill Olympiad','2023-05-29 16:53:57.759000','2023-05-29 16:53:57.759000','2023-05-29 16:53:57.755000',NULL,NULL,'2023-06-13'),(424,NULL,'25','55','data:image/png;base64,[BLOB]','RAJASTHAN',NULL,'Workshops','2023-05-29 16:53:57.766000','2023-05-29 16:53:57.766000','2023-05-29 16:53:57.764000',NULL,NULL,'2023-06-14'),(425,NULL,'21','55','data:image/png;base64,[BLOB]','RAJASTHAN',NULL,'Skill Awareness Campaign','2023-05-29 16:53:57.811000','2023-05-29 16:53:57.811000','2023-05-29 16:53:57.809000',NULL,NULL,'2023-06-12'),(426,NULL,'26','55','data:image/png;base64,[BLOB]','RAJASTHAN',NULL,'Career Counselling Session ','2023-05-29 16:53:57.961000','2023-05-29 16:53:57.961000','2023-05-29 16:53:57.959000',NULL,NULL,'2023-06-14'),(427,NULL,'14','55','data:image/png;base64,[BLOB]','RAJASTHAN',NULL,'Marathon','2023-05-29 16:53:57.969000','2023-05-29 16:53:57.969000','2023-05-29 16:53:57.967000',NULL,NULL,'2023-06-07'),(428,NULL,'27','55','data:image/png;base64,[BLOB]','RAJASTHAN',NULL,'Workshop','2023-05-29 16:53:58.750000','2023-05-29 16:53:58.750000','2023-05-29 16:53:58.748000',NULL,NULL,'2023-06-15'),(429,NULL,NULL,NULL,NULL,NULL,NULL,'NNDD','2023-05-29 17:44:47.700000','2023-05-29 17:44:47.700000','2023-05-29 17:44:47.698000',NULL,NULL,'22-01-2023T00:00:00'),(430,NULL,'3','57','data:image/png;base64,[BLOB]','BIHAR',NULL,'Skill Quiz Competition','2023-05-29 17:48:48.712000','2023-05-29 17:48:48.712000','2023-05-29 17:48:48.710000',NULL,NULL,'2023-06-01T00:00:00'),(431,NULL,'4','57','data:image/png;base64,[BLOB]','BIHAR',NULL,'Cyclathon','2023-05-29 17:48:48.744000','2023-05-29 17:48:48.744000','2023-05-29 17:48:48.741000',NULL,NULL,'2023-05-01T00:00:00'),(432,NULL,'5','57','data:image/png;base64,[BLOB]','BIHAR',NULL,'Webinar Series','2023-05-29 17:48:48.757000','2023-05-29 17:48:48.757000','2023-05-29 17:48:48.754000',NULL,NULL,'2023-06-02T00:00:00'),(433,NULL,'6','57','data:image/png;base64,[BLOB]','BIHAR',NULL,'Prabhat Feri, Poster Release ','2023-05-29 17:48:48.777000','2023-05-29 17:48:48.777000','2023-05-29 17:48:48.775000',NULL,NULL,'2023-06-02T00:00:00'),(434,NULL,'7','57','data:image/png;base64,[BLOB]','BIHAR',NULL,'Skill Hackathon','2023-05-29 17:48:48.802000','2023-05-29 17:48:48.802000','2023-05-29 17:48:48.800000',NULL,NULL,'2023-06-03T00:00:00'),(435,NULL,'11','57','data:image/png;base64,[BLOB]','BIHAR',NULL,'Skill Masterclasses','2023-05-29 17:48:48.813000','2023-05-29 17:48:48.813000','2023-05-29 17:48:48.810000',NULL,NULL,'2023-06-06T00:00:00'),(436,NULL,'12','57','data:image/png;base64,[BLOB]','BIHAR',NULL,'Face Painting/Rangoli Competition ','2023-05-29 17:48:48.844000','2023-05-29 17:48:48.844000','2023-05-29 17:48:48.842000',NULL,NULL,'2023-06-06T00:00:00'),(437,NULL,'8','57','data:image/png;base64,[BLOB]','BIHAR',NULL,'Swachhata Campaign','2023-05-29 17:48:48.855000','2023-05-29 17:48:48.855000','2023-05-29 17:48:48.852000',NULL,NULL,'2023-06-03T00:00:00'),(438,NULL,'9','57','data:image/png;base64,[BLOB]','BIHAR',NULL,'Industry Immersion Visits ','2023-05-29 17:48:49.072000','2023-05-29 17:48:49.072000','2023-05-29 17:48:49.061000',NULL,NULL,'2023-06-05T00:00:00'),(439,NULL,'10','57','data:image/png;base64,[BLOB]','BIHAR',NULL,'Tree Plantation Derive','2023-05-29 17:48:49.079000','2023-05-29 17:48:49.079000','2023-05-29 17:48:49.077000',NULL,NULL,'2023-06-05T00:00:00'),(440,NULL,'13','57','data:image/png;base64,[BLOB]','BIHAR',NULL,'Career Counselling Sessions','2023-05-29 17:48:49.099000','2023-05-29 17:48:49.099000','2023-05-29 17:48:49.097000',NULL,NULL,'2023-06-07T00:00:00'),(441,NULL,'16','57','data:image/png;base64,[BLOB]','BIHAR',NULL,'Debate Competition','2023-05-29 17:48:49.107000','2023-05-29 17:48:49.107000','2023-05-29 17:48:49.105000',NULL,NULL,'2023-06-08T00:00:00'),(442,NULL,'14','57','data:image/png;base64,[BLOB]','BIHAR',NULL,'Marathon','2023-05-29 17:48:49.123000','2023-05-29 17:48:49.123000','2023-05-29 17:48:49.115000',NULL,NULL,'2023-06-07T00:00:00'),(443,NULL,'15','57','data:image/png;base64,[BLOB]','BIHAR',NULL,'Entrepreneurship Bootcamp','2023-05-29 17:48:49.129000','2023-05-29 17:48:49.129000','2023-05-29 17:48:49.127000',NULL,NULL,'2023-06-08T00:00:00'),(444,NULL,'17','57','data:image/png;base64,[BLOB]','BIHAR',NULL,'Skill Innovation Challenge','2023-05-29 17:48:49.590000','2023-05-29 17:48:49.590000','2023-05-29 17:48:49.588000',NULL,NULL,'2023-06-09T00:00:00'),(445,NULL,'18','57','data:image/png;base64,[BLOB]','BIHAR',NULL,'Expert Lecture by Industry Speakers','2023-05-29 17:48:50.585000','2023-05-29 17:48:50.585000','2023-05-29 17:48:50.583000',NULL,NULL,'2023-06-09T00:00:00'),(446,NULL,'24','57','data:image/png;base64,[BLOB]','BIHAR',NULL,'Yoga  Competition ','2023-05-29 17:48:51.501000','2023-05-29 17:48:51.501000','2023-05-29 17:48:51.499000',NULL,NULL,'2023-06-13T00:00:00'),(447,NULL,'19','57','data:image/png;base64,[BLOB]','BIHAR',NULL,'Skill Showcase Competitions','2023-05-29 17:48:52.631000','2023-05-29 17:48:52.631000','2023-05-29 17:48:52.629000',NULL,NULL,'2023-06-10T00:00:00'),(448,NULL,'20','57','data:image/png;base64,[BLOB]','BIHAR',NULL,'Essay Writing Competition','2023-05-29 17:48:52.638000','2023-05-29 17:48:52.638000','2023-05-29 17:48:52.637000',NULL,NULL,'2023-06-10T00:00:00'),(449,NULL,'25','57','data:image/png;base64,[BLOB]','BIHAR',NULL,'Workshops','2023-05-29 17:48:53.582000','2023-05-29 17:48:53.582000','2023-05-29 17:48:53.580000',NULL,NULL,'2023-06-14T00:00:00'),(450,NULL,'26','57','data:image/png;base64,[BLOB]','BIHAR',NULL,'Career Counselling Session ','2023-05-29 17:48:53.608000','2023-05-29 17:48:53.608000','2023-05-29 17:48:53.606000',NULL,NULL,'2023-06-14T00:00:00'),(451,NULL,'23','57','data:image/png;base64,[BLOB]','BIHAR',NULL,'Skill Olympiad','2023-05-29 17:48:53.634000','2023-05-29 17:48:53.634000','2023-05-29 17:48:53.632000',NULL,NULL,'2023-06-13T00:00:00'),(452,NULL,'21','57','data:image/png;base64,[BLOB]','BIHAR',NULL,'Skill Awareness Campaign','2023-05-29 17:48:53.652000','2023-05-29 17:48:53.652000','2023-05-29 17:48:53.650000',NULL,NULL,'2023-06-12T00:00:00'),(453,NULL,'22','57','data:image/png;base64,[BLOB]','BIHAR',NULL,'Slogan Writing Competition','2023-05-29 17:48:53.736000','2023-05-29 17:48:53.736000','2023-05-29 17:48:53.734000',NULL,NULL,'2023-06-12T00:00:00'),(454,NULL,'27','57','data:image/png;base64,[BLOB]','BIHAR',NULL,'Workshop','2023-05-29 17:48:53.772000','2023-05-29 17:48:53.772000','2023-05-29 17:48:53.769000',NULL,NULL,'2023-06-15T00:00:00');

--
-- Table structure for table `files_folder_links`
--

CREATE TABLE `files_folder_links` (
  `id` int unsigned NOT NULL AUTO_INCREMENT,
  `file_id` int unsigned DEFAULT NULL,
  `folder_id` int unsigned DEFAULT NULL,
  `file_order` double unsigned DEFAULT NULL,
  PRIMARY KEY (`id`),
  UNIQUE KEY `files_folder_links_unique` (`file_id`,`folder_id`),
  KEY `files_folder_links_fk` (`file_id`),
  KEY `files_folder_links_inv_fk` (`folder_id`),
  KEY `files_folder_links_order_inv_fk` (`file_order`),
  CONSTRAINT `files_folder_links_fk` FOREIGN KEY (`file_id`) REFERENCES `files` (`id`) ON DELETE CASCADE,
  CONSTRAINT `files_folder_links_inv_fk` FOREIGN KEY (`folder_id`) REFERENCES `upload_folders` (`id`) ON DELETE CASCADE
) ENGINE=InnoDB AUTO_INCREMENT=112 DEFAULT CHARSET=utf8mb4 COLLATE=utf8mb4_0900_ai_ci;

--
-- Dumping data for table `files_folder_links`
--

INSERT INTO `files_folder_links` VALUES (1,11,1,1),(2,12,1,2),(3,13,1,3),(4,14,1,4),(5,15,1,5),(6,16,1,6),(7,17,1,7),(8,18,1,8),(9,19,1,8),(10,20,1,9),(11,21,1,10),(12,22,1,11),(13,23,1,12),(14,24,1,13),(15,25,1,14),(16,26,1,15),(17,27,1,16),(18,28,1,17),(19,29,1,18),(20,30,1,19),(21,31,1,20),(22,32,1,21),(23,33,1,22),(24,34,1,23),(25,35,1,24),(26,36,1,25),(27,37,1,26),(28,38,1,27),(29,39,1,28),(30,40,1,29),(31,41,1,30),(32,42,1,31),(33,43,1,32),(34,44,1,33),(35,45,1,34),(36,46,1,35),(37,47,1,36),(38,48,1,37),(39,49,1,38),(40,50,1,39),(41,51,1,40),(42,52,1,41),(43,53,1,42),(44,54,1,43),(45,55,1,44),(46,56,1,45),(47,57,1,46),(48,58,1,47),(49,59,1,48),(50,60,1,49),(51,61,1,50),(52,62,1,51),(53,63,1,52),(54,64,1,53),(55,65,1,54),(56,66,1,55),(57,67,1,56),(58,68,1,57),(59,69,1,58),(60,70,1,59),(61,71,1,60),(62,72,1,61),(63,73,1,62),(64,74,1,63),(65,75,1,64),(66,76,1,65),(67,77,1,66),(68,78,1,67),(69,81,1,68),(70,79,1,68),(71,80,1,68),(72,82,1,69),(73,83,1,70),(74,84,1,71),(75,85,1,72),(76,86,1,73),(77,87,1,74),(78,88,1,75),(79,89,1,76),(80,90,1,77),(81,91,1,78),(82,92,1,79),(83,93,1,80),(84,94,1,81),(85,95,1,82),(86,96,1,83),(87,97,1,84),(88,98,1,85),(89,99,1,86),(90,100,1,87),(91,101,1,88),(92,102,1,89),(93,103,1,90),(94,104,1,90),(95,105,1,91),(96,106,1,92),(97,107,1,93),(98,108,1,94),(99,109,1,95),(100,110,1,96),(101,111,1,97),(102,112,1,98),(103,113,1,99),(104,114,1,100),(105,115,1,101),(106,116,1,102),(107,117,1,103),(108,118,1,104),(109,119,1,105),(110,120,1,106),(111,121,1,107);

--
-- Table structure for table `files_related_morphs`
--

CREATE TABLE `files_related_morphs` (
  `id` int unsigned NOT NULL AUTO_INCREMENT,
  `file_id` int unsigned DEFAULT NULL,
  `related_id` int unsigned DEFAULT NULL,
  `related_type` varchar(255) DEFAULT NULL,
  `field` varchar(255) DEFAULT NULL,
  `order` double unsigned DEFAULT NULL,
  PRIMARY KEY (`id`),
  KEY `files_related_morphs_fk` (`file_id`),
  KEY `files_related_morphs_order_index` (`order`),
  KEY `files_related_morphs_id_column_index` (`related_id`),
  CONSTRAINT `files_related_morphs_fk` FOREIGN KEY (`file_id`) REFERENCES `files` (`id`) ON DELETE CASCADE
) ENGINE=InnoDB AUTO_INCREMENT=124 DEFAULT CHARSET=utf8mb4 COLLATE=utf8mb4_0900_ai_ci;

--
-- Dumping data for table `files_related_morphs`
--

INSERT INTO `files_related_morphs` VALUES (17,8,1,'api::success-story.success-story','image',1),(18,9,2,'api::success-story.success-story','image',1),(19,10,3,'api::success-story.success-story','image',1),(27,6,2,'api::story.story','images',1),(28,7,2,'api::story.story','images',2),(29,6,2,'api::story.story','main_image',1),(30,9,1,'api::update.update','image',1),(32,7,3,'api::update.update','image',1),(33,10,2,'api::update.update','image',1),(34,2,3,'api::story.story','main_image',1),(35,4,1,'api::story.story','images',1),(36,5,1,'api::story.story','images',2),(37,3,1,'api::story.story','images',3),(38,3,1,'api::story.story','main_image',1),(39,11,5,'api::update.update','image',1),(48,8,4,'api::update.update','image',1),(49,7,4,'api::update.update','image',2),(50,6,4,'api::update.update','image',3),(61,22,5,'api::event.event','eventUploadedImages',1),(62,23,5,'api::event.event','eventUploadedImages',2),(63,24,5,'api::event.event','eventUploadedImages',3),(65,25,1,'api::event.event','eventUploadedImages',1),(79,27,17,'api::event.event','eventUploadedImages',1),(80,28,17,'api::event.event','eventUploadedImages',2),(81,29,17,'api::event.event','eventUploadedImages',3),(82,30,17,'api::event.event','eventUploadedImages',4),(83,31,17,'api::event.event','eventUploadedImages',5),(84,32,17,'api::event.event','eventUploadedImages',6),(85,33,17,'api::event.event','eventUploadedImages',7),(88,41,21,'api::event.event','eventUploadedImages',1),(89,55,18,'api::event.event','eventUploadedImages',1),(90,56,18,'api::event.event','eventUploadedImages',2),(91,57,18,'api::event.event','eventUploadedImages',3),(92,58,18,'api::event.event','eventUploadedImages',4),(93,59,18,'api::event.event','eventUploadedImages',5),(95,60,23,'api::event.event','eventUploadedImages',1),(96,61,23,'api::event.event','eventUploadedImages',2),(97,62,23,'api::event.event','eventUploadedImages',3),(98,63,23,'api::event.event','eventUploadedImages',4),(99,64,23,'api::event.event','eventUploadedImages',5),(100,72,7,'api::event.event','eventUploadedImages',1),(101,73,7,'api::event.event','eventUploadedImages',2),(102,74,7,'api::event.event','eventUploadedImages',3),(103,75,30,'api::event.event','eventUploadedImages',1),(104,76,30,'api::event.event','eventUploadedImages',2),(105,77,30,'api::event.event','eventUploadedImages',3),(106,78,3,'api::event.event','eventUploadedImages',1),(107,82,101,'api::event.event','eventUploadedImages',1),(108,85,129,'api::event.event','eventUploadedImages',1),(109,86,129,'api::event.event','eventUploadedImages',2),(110,87,129,'api::event.event','eventUploadedImages',3),(111,90,254,'api::event.event','eventUploadedImages',1),(112,91,254,'api::event.event','eventUploadedImages',2),(113,92,254,'api::event.event','eventUploadedImages',3),(114,93,254,'api::event.event','eventUploadedImages',4),(115,94,254,'api::event.event','eventUploadedImages',5),(116,95,254,'api::event.event','eventUploadedImages',6),(117,96,254,'api::event.event','eventUploadedImages',7),(118,97,254,'api::event.event','eventUploadedImages',8),(119,112,329,'api::event.event','eventUploadedImages',1),(120,113,329,'api::event.event','eventUploadedImages',2),(121,114,329,'api::event.event','eventUploadedImages',3),(122,115,329,'api::event.event','eventUploadedImages',4),(123,116,329,'api::event.event','eventUploadedImages',5);

--
-- Table structure for table `i18n_locale`
--

CREATE TABLE `i18n_locale` (
  `id` int unsigned NOT NULL AUTO_INCREMENT,
  `name` varchar(255) DEFAULT NULL,
  `code` varchar(255) DEFAULT NULL,
  `created_at` datetime(6) DEFAULT NULL,
  `updated_at` datetime(6) DEFAULT NULL,
  `created_by_id` int unsigned DEFAULT NULL,
  `updated_by_id` int unsigned DEFAULT NULL,
  PRIMARY KEY (`id`),
  KEY `i18n_locale_created_by_id_fk` (`created_by_id`),
  KEY `i18n_locale_updated_by_id_fk` (`updated_by_id`),
  CONSTRAINT `i18n_locale_created_by_id_fk` FOREIGN KEY (`created_by_id`) REFERENCES `admin_users` (`id`) ON DELETE SET NULL,
  CONSTRAINT `i18n_locale_updated_by_id_fk` FOREIGN KEY (`updated_by_id`) REFERENCES `admin_users` (`id`) ON DELETE SET NULL
) ENGINE=InnoDB AUTO_INCREMENT=2 DEFAULT CHARSET=utf8mb4 COLLATE=utf8mb4_0900_ai_ci;

--
-- Dumping data for table `i18n_locale`
--

INSERT INTO `i18n_locale` VALUES (1,'English (en)','en','2023-05-11 16:43:41.170000','2023-05-11 16:43:41.170000',NULL,NULL);

--
-- Table structure for table `institutes`
--

CREATE TABLE `institutes` (
  `id` int unsigned NOT NULL AUTO_INCREMENT,
  `institute_name` varchar(255) DEFAULT NULL,
  `created_at` datetime(6) DEFAULT NULL,
  `updated_at` datetime(6) DEFAULT NULL,
  `published_at` datetime(6) DEFAULT NULL,
  `created_by_id` int unsigned DEFAULT NULL,
  `updated_by_id` int unsigned DEFAULT NULL,
  `institute_state` varchar(255) DEFAULT NULL,
  `institute_type` varchar(255) DEFAULT NULL,
  `spoc_name` varchar(255) DEFAULT NULL,
  `spoc_designation` varchar(255) DEFAULT NULL,
  `spoc_email` varchar(255) DEFAULT NULL,
  `spoc_mobile` bigint DEFAULT NULL,
  `institute_dist` varchar(255) DEFAULT NULL,
  PRIMARY KEY (`id`),
  KEY `institutes_created_by_id_fk` (`created_by_id`),
  KEY `institutes_updated_by_id_fk` (`updated_by_id`),
  CONSTRAINT `institutes_created_by_id_fk` FOREIGN KEY (`created_by_id`) REFERENCES `admin_users` (`id`) ON DELETE SET NULL,
  CONSTRAINT `institutes_updated_by_id_fk` FOREIGN KEY (`updated_by_id`) REFERENCES `admin_users` (`id`) ON DELETE SET NULL
) ENGINE=InnoDB AUTO_INCREMENT=58 DEFAULT CHARSET=utf8mb4 COLLATE=utf8mb4_0900_ai_ci;

--
-- Dumping data for table `institutes`
--

INSERT INTO `institutes` VALUES (48,'ITI','2023-05-29 12:35:02.197000','2023-05-29 12:35:02.197000','2023-05-29 12:35:02.192000',NULL,NULL,'BIHAR','PMKK','Sanni Kumar Singh','Developer','sanni.singh@nsdcindia.org',8541015044,NULL),(49,'oew','2023-05-29 14:16:20.532000','2023-05-29 14:16:20.532000','2023-05-29 14:16:20.527000',NULL,NULL,'BIHAR','Polytechnic','povwjpo','ppowjep','oifew@gmail.com',7838870006,NULL),(50,'ITI Haridwar','2023-05-29 14:19:07.048000','2023-05-29 14:19:07.048000','2023-05-29 14:19:07.044000',NULL,NULL,'UTTARAKHAND','ITI','Mohit','asdfa','mohit@thth.com',7503401919,NULL),(52,'ITI Bikaner','2023-05-29 14:23:09.065000','2023-05-29 14:23:09.065000','2023-05-29 14:23:09.061000',NULL,NULL,'RAJASTHAN','ITI','Rohan Sharma','Trainer','rohan.sharma1@nsdcindia.org',9352973467,NULL),(53,'Iti ghanahatti','2023-05-29 14:36:27.507000','2023-05-29 14:36:27.507000','2023-05-29 14:36:27.501000',NULL,NULL,'HIMACHAL PRADESH','ITI','jitender ','vocational instructer ','planjitendra@gmail.com',9129057008,NULL),(54,'XYZ','2023-05-29 14:50:22.569000','2023-05-29 14:50:22.569000','2023-05-29 14:50:22.564000',NULL,NULL,'UTTARAKHAND','ITI','Ankita','Principal ','ankita.rana@nsdcindia.org',9582965419,NULL),(55,'ITI Jhunjhunu','2023-05-29 16:53:54.486000','2023-05-29 16:53:54.486000','2023-05-29 16:53:54.482000',NULL,NULL,'RAJASTHAN','ITI','Mohammad Kalam','Principal','mohammad.kalam@nsdcindia.org',8802141404,NULL),(56,NULL,'2023-05-29 17:44:34.799000','2023-05-29 17:44:34.799000','2023-05-29 17:44:34.795000',NULL,NULL,NULL,NULL,NULL,NULL,NULL,NULL,NULL),(57,'NDA','2023-05-29 17:48:48.385000','2023-05-29 17:48:48.385000','2023-05-29 17:48:48.382000',NULL,NULL,'BIHAR','ITI','Pranjal prasun','Developer','prnjal.prasun@nsdcindia.org',7903850152,NULL);

--
-- Table structure for table `jan_bhagadari_events`
--

CREATE TABLE `jan_bhagadari_events` (
  `id` int unsigned NOT NULL AUTO_INCREMENT,
  `event_state` varchar(255) DEFAULT NULL,
  `event_district` varchar(255) DEFAULT NULL,
  `name_of_the_activity` varchar(255) DEFAULT NULL,
  `event_date` date DEFAULT NULL,
  `created_at` datetime(6) DEFAULT NULL,
  `updated_at` datetime(6) DEFAULT NULL,
  `published_at` datetime(6) DEFAULT NULL,
  `created_by_id` int unsigned DEFAULT NULL,
  `updated_by_id` int unsigned DEFAULT NULL,
  PRIMARY KEY (`id`),
  KEY `jan_bhagadari_events_created_by_id_fk` (`created_by_id`),
  KEY `jan_bhagadari_events_updated_by_id_fk` (`updated_by_id`),
  CONSTRAINT `jan_bhagadari_events_created_by_id_fk` FOREIGN KEY (`created_by_id`) REFERENCES `admin_users` (`id`) ON DELETE SET NULL,
  CONSTRAINT `jan_bhagadari_events_updated_by_id_fk` FOREIGN KEY (`updated_by_id`) REFERENCES `admin_users` (`id`) ON DELETE SET NULL
) ENGINE=InnoDB AUTO_INCREMENT=29 DEFAULT CHARSET=utf8mb4 COLLATE=utf8mb4_0900_ai_ci;

--
-- Dumping data for table `jan_bhagadari_events`
--

INSERT INTO `jan_bhagadari_events` VALUES (3,NULL,NULL,'Skill Quiz Competition','2023-06-01','2023-05-28 15:20:40.936000','2023-05-28 15:20:46.586000','2023-05-28 15:20:46.583000',1,1),(4,NULL,NULL,'Cyclathon','2023-05-01','2023-05-28 15:21:18.606000','2023-05-28 15:21:20.596000','2023-05-28 15:21:20.592000',1,1),(5,NULL,NULL,'Webinar Series','2023-06-02','2023-05-28 15:21:45.616000','2023-05-28 15:22:30.850000','2023-05-28 15:21:47.467000',1,1),(6,NULL,NULL,'Prabhat Feri, Poster Release ','2023-06-02','2023-05-28 15:22:18.044000','2023-05-28 15:22:19.755000','2023-05-28 15:22:19.740000',1,1),(7,NULL,NULL,'Skill Hackathon','2023-06-03','2023-05-28 15:22:51.428000','2023-05-28 15:22:52.836000','2023-05-28 15:22:52.828000',1,1),(8,NULL,NULL,'Swachhata Campaign','2023-06-03','2023-05-28 15:23:16.340000','2023-05-28 15:23:19.964000','2023-05-28 15:23:19.961000',1,1),(9,NULL,NULL,'Industry Immersion Visits ','2023-06-05','2023-05-28 15:23:43.660000','2023-05-28 15:23:44.731000','2023-05-28 15:23:44.728000',1,1),(10,NULL,NULL,'Tree Plantation Derive','2023-06-05','2023-05-28 15:24:05.920000','2023-05-28 15:24:07.049000','2023-05-28 15:24:07.025000',1,1),(11,NULL,NULL,'Skill Masterclasses','2023-06-06','2023-05-28 15:24:34.322000','2023-05-28 15:24:36.693000','2023-05-28 15:24:36.687000',1,1),(12,NULL,NULL,'Face Painting/Rangoli Competition ','2023-06-06','2023-05-28 15:25:09.972000','2023-05-28 15:25:11.282000','2023-05-28 15:25:11.278000',1,1),(13,NULL,NULL,'Career Counselling Sessions','2023-06-07','2023-05-28 15:26:19.421000','2023-05-28 15:26:20.487000','2023-05-28 15:26:20.484000',1,1),(14,NULL,NULL,'Marathon','2023-06-07','2023-05-28 15:26:37.275000','2023-05-28 15:26:38.492000','2023-05-28 15:26:38.489000',1,1),(15,NULL,NULL,'Entrepreneurship Bootcamp','2023-06-08','2023-05-28 15:26:59.996000','2023-05-28 15:27:01.037000','2023-05-28 15:27:01.033000',1,1),(16,NULL,NULL,'Debate Competition','2023-06-08','2023-05-28 15:27:23.143000','2023-05-28 15:27:24.059000','2023-05-28 15:27:24.056000',1,1),(17,NULL,NULL,'Skill Innovation Challenge','2023-06-09','2023-05-28 15:27:45.435000','2023-05-28 15:27:47.079000','2023-05-28 15:27:47.075000',1,1),(18,NULL,NULL,'Expert Lecture by Industry Speakers','2023-06-09','2023-05-28 15:28:11.152000','2023-05-28 15:28:12.354000','2023-05-28 15:28:12.351000',1,1),(19,NULL,NULL,'Skill Showcase Competitions','2023-06-10','2023-05-28 15:28:40.104000','2023-05-28 15:28:42.026000','2023-05-28 15:28:42.023000',1,1),(20,NULL,NULL,'Essay Writing Competition','2023-06-10','2023-05-28 15:29:03.500000','2023-05-28 15:29:05.149000','2023-05-28 15:29:05.144000',1,1),(21,NULL,NULL,'Skill Awareness Campaign','2023-06-12','2023-05-28 15:29:24.562000','2023-05-28 15:29:25.803000','2023-05-28 15:29:25.801000',1,1),(22,NULL,NULL,'Slogan Writing Competition','2023-06-12','2023-05-28 15:29:48.791000','2023-05-28 15:29:49.955000','2023-05-28 15:29:49.952000',1,1),(23,NULL,NULL,'Skill Olympiad','2023-06-13','2023-05-28 15:30:14.962000','2023-05-28 15:30:16.079000','2023-05-28 15:30:16.058000',1,1),(24,NULL,NULL,'Yoga  Competition ','2023-06-13','2023-05-28 15:30:35.588000','2023-05-28 15:30:37.659000','2023-05-28 15:30:37.656000',1,1),(25,NULL,NULL,'Workshops','2023-06-14','2023-05-28 15:30:57.578000','2023-05-28 15:30:59.615000','2023-05-28 15:30:59.612000',1,1),(26,NULL,NULL,'Career Counselling Session ','2023-06-14','2023-05-28 15:31:19.900000','2023-05-28 15:31:20.823000','2023-05-28 15:31:20.820000',1,1),(27,NULL,NULL,'Workshop','2023-06-15','2023-05-28 15:31:42.140000','2023-05-28 15:31:43.466000','2023-05-28 15:31:43.464000',1,1),(28,NULL,NULL,'Sports Activities (Indoor Games like table tennis, badminton etc.)','2023-06-15','2023-05-28 15:32:03.006000','2023-05-28 15:32:04.162000','2023-05-28 15:32:04.159000',1,1);

--
-- Table structure for table `podcasts`
--

CREATE TABLE `podcasts` (
  `id` int unsigned NOT NULL AUTO_INCREMENT,
  `title` varchar(255) DEFAULT NULL,
  `description` longtext,
  `link` varchar(255) DEFAULT NULL,
  `date` date DEFAULT NULL,
  `created_at` datetime(6) DEFAULT NULL,
  `updated_at` datetime(6) DEFAULT NULL,
  `published_at` datetime(6) DEFAULT NULL,
  `created_by_id` int unsigned DEFAULT NULL,
  `updated_by_id` int unsigned DEFAULT NULL,
  PRIMARY KEY (`id`),
  KEY `podcasts_created_by_id_fk` (`created_by_id`),
  KEY `podcasts_updated_by_id_fk` (`updated_by_id`),
  CONSTRAINT `podcasts_created_by_id_fk` FOREIGN KEY (`created_by_id`) REFERENCES `admin_users` (`id`) ON DELETE SET NULL,
  CONSTRAINT `podcasts_updated_by_id_fk` FOREIGN KEY (`updated_by_id`) REFERENCES `admin_users` (`id`) ON DELETE SET NULL
) ENGINE=InnoDB AUTO_INCREMENT=4 DEFAULT CHARSET=utf8mb4 COLLATE=utf8mb4_0900_ai_ci;

--
-- Dumping data for table `podcasts`
--

INSERT INTO `podcasts` VALUES (1,'Skill Pod - Ep. 1 (ft. Ved Mani Tiwari)','Re imaging Future with Ved Mani Tiwari.','https://youtu.be/Gz1Zwf-9IQc','2023-05-01','2023-05-12 12:42:33.734000','2023-05-12 12:42:34.697000','2023-05-12 12:42:34.692000',1,1),(2,'Skill Pod - Ep. 9 (ft. CEO Skyll.Me)','Re Imagining Future with the CEO of skilly.me','https://youtu.be/tK0VbdLCj98','2023-05-02','2023-05-12 12:43:35.843000','2023-05-12 12:43:36.708000','2023-05-12 12:43:36.704000',1,1),(3,'Skill Pod - Ep. 16 (ft. MultiBhashi)','Skill Pod - Ep. 16 with multibhasi','https://youtu.be/JYzbxDLEbtM','2023-05-03','2023-05-12 12:44:51.627000','2023-05-12 12:44:52.495000','2023-05-12 12:44:52.492000',1,1);

--
-- Table structure for table `stories`
--

CREATE TABLE `stories` (
  `id` int unsigned NOT NULL AUTO_INCREMENT,
  `title` varchar(255) DEFAULT NULL,
  `description` longtext,
  `created_at` datetime(6) DEFAULT NULL,
  `updated_at` datetime(6) DEFAULT NULL,
  `published_at` datetime(6) DEFAULT NULL,
  `created_by_id` int unsigned DEFAULT NULL,
  `updated_by_id` int unsigned DEFAULT NULL,
  `type` varchar(255) DEFAULT NULL,
  PRIMARY KEY (`id`),
  KEY `stories_created_by_id_fk` (`created_by_id`),
  KEY `stories_updated_by_id_fk` (`updated_by_id`),
  CONSTRAINT `stories_created_by_id_fk` FOREIGN KEY (`created_by_id`) REFERENCES `admin_users` (`id`) ON DELETE SET NULL,
  CONSTRAINT `stories_updated_by_id_fk` FOREIGN KEY (`updated_by_id`) REFERENCES `admin_users` (`id`) ON DELETE SET NULL
) ENGINE=InnoDB AUTO_INCREMENT=4 DEFAULT CHARSET=utf8mb4 COLLATE=utf8mb4_0900_ai_ci;

--
-- Dumping data for table `stories`
--

INSERT INTO `stories` VALUES (1,'G20','Bhubaneswar (Odisha) [India], April 23 (ANI): National Skill Development Corporation (NSDC) showcased its transformative initiatives in skill development, higher education, and international employment opportunities at the G20 \"Future of Work\" exhibition in Bhubaneswar, said a press release. \n\nWith a focus on inclusive skilling, re-skilling, up-skilling, and multi-skilling, NSDC is positioned as the principal architect of the \n\nThe NSDC stall at the G20 \"Future of Work\" exhibition is themed as \"Future of Us\", emphasizing the inclusive nature of its initiatives that are designed to benefit anyone, anywhere. The stall design is conceptualized to cater to various target audiences from diverse backgrounds and age groups, presenting the benefits of NSDC\'s initiatives through a human narrative.','2023-05-12 11:56:21.896000','2023-05-15 17:20:47.880000','2023-05-12 11:56:25.737000',1,1,'Blog'),(2,'Skill Ministry schedules Kaushal Mahotsav in Dhenkanal, Odisha on Nov 6','Bhubaneswar, Oct 27 (KNN) A Kaushal Mahotsav at Dhenkanal in Odisha by the Ministry of Skill Development and Entrepreneurship (MSDE) will be held on November 6, 2022.\n\nIt is organising the event in partnership with the National Skill Development Corporation (NSDC).\n\nInterested candidates are advised to register on https://nsdcdigital.nsdcindia.org.\n\nThey can apply for their interviews across opportunities listed on the portal from over 50 companies in more than 20 sectors like food and beverage, textile, beauty and wellness, healthcare, IT, etc.\n\nCompanies like India Texpreneurs Federation, Urban Clap Technologies, Health vista India Limited, Barbeque Nation, JBM Auto, RJ enterprises, Akal information systems, and Sodexo have posted jobs on the portal, which candidates may apply for and get a chance to get interviewed on spot at the Kaushal Mahotsav.','2023-05-12 13:01:54.779000','2023-05-15 13:52:59.074000','2023-05-12 13:01:57.283000',1,1,'Text'),(3,'Blog Post','![ANI-20230423144020.jpg](/uploads/ANI_20230423144020_44216cd39a.jpg)\n\nTransformative initiatives in skill development, higher education and international employment opportunities are the focus of the National Skill Development Corporation\'s stall at the \"Future of Work\" exhibition here ahead of the third G20 Education Working Group meeting.\n\nThe design of the stall, themed \"Future of Us\", has been conceptualised to cater to target audiences from diverse backgrounds and age groups, presenting the benefits of the National Skill Development Corporation\'s (NSDC) initiatives through a human narrative.\n\n\"India\'s youth need to be prepared for the future of work as technologies disrupt the labour market. Mobile technology, global connectivity and the Internet offer us a chance to consider global needs. It is essential that we work together to make this opportunity a reality for India\'s youth,\" NSDC CEO Ved Mani Tiwari said.\n\n\"The \'Future of Us\' stall at the G20 \'Future of Work\' exhibition aims to showcase the significant strides the NSDC has made in preparing India\'s workforce through skilling, re-skilling, up-skilling and multi-skilling.\n\n\"With its comprehensive course offerings, innovative digital platforms and international employment support, NSDC is empowering India\'s talent to succeed in the rapidly evolving job market,\" he added.\n\nAmong the initiatives highlighted at the exhibition are NSDC Academy, Skill India Digital and NSDC International.','2023-05-15 13:26:34.052000','2023-05-15 16:48:13.173000','2023-05-15 13:26:37.124000',1,1,'Video');

--
-- Table structure for table `strapi_api_token_permissions`
--

CREATE TABLE `strapi_api_token_permissions` (
  `id` int unsigned NOT NULL AUTO_INCREMENT,
  `action` varchar(255) DEFAULT NULL,
  `created_at` datetime(6) DEFAULT NULL,
  `updated_at` datetime(6) DEFAULT NULL,
  `created_by_id` int unsigned DEFAULT NULL,
  `updated_by_id` int unsigned DEFAULT NULL,
  PRIMARY KEY (`id`),
  KEY `strapi_api_token_permissions_created_by_id_fk` (`created_by_id`),
  KEY `strapi_api_token_permissions_updated_by_id_fk` (`updated_by_id`),
  CONSTRAINT `strapi_api_token_permissions_created_by_id_fk` FOREIGN KEY (`created_by_id`) REFERENCES `admin_users` (`id`) ON DELETE SET NULL,
  CONSTRAINT `strapi_api_token_permissions_updated_by_id_fk` FOREIGN KEY (`updated_by_id`) REFERENCES `admin_users` (`id`) ON DELETE SET NULL
) ENGINE=InnoDB DEFAULT CHARSET=utf8mb4 COLLATE=utf8mb4_0900_ai_ci;

--
-- Dumping data for table `strapi_api_token_permissions`
--


--
-- Table structure for table `strapi_migrations`
--

CREATE TABLE `strapi_migrations` (
  `id` int unsigned NOT NULL AUTO_INCREMENT,
  `name` varchar(255) DEFAULT NULL,
  `time` datetime DEFAULT NULL,
  PRIMARY KEY (`id`)
) ENGINE=InnoDB DEFAULT CHARSET=utf8mb4 COLLATE=utf8mb4_0900_ai_ci;

--
-- Dumping data for table `strapi_migrations`
--


--
-- Table structure for table `strapi_transfer_token_permissions`
--

CREATE TABLE `strapi_transfer_token_permissions` (
  `id` int unsigned NOT NULL AUTO_INCREMENT,
  `action` varchar(255) DEFAULT NULL,
  `created_at` datetime(6) DEFAULT NULL,
  `updated_at` datetime(6) DEFAULT NULL,
  `created_by_id` int unsigned DEFAULT NULL,
  `updated_by_id` int unsigned DEFAULT NULL,
  PRIMARY KEY (`id`),
  KEY `strapi_transfer_token_permissions_created_by_id_fk` (`created_by_id`),
  KEY `strapi_transfer_token_permissions_updated_by_id_fk` (`updated_by_id`),
  CONSTRAINT `strapi_transfer_token_permissions_created_by_id_fk` FOREIGN KEY (`created_by_id`) REFERENCES `admin_users` (`id`) ON DELETE SET NULL,
  CONSTRAINT `strapi_transfer_token_permissions_updated_by_id_fk` FOREIGN KEY (`updated_by_id`) REFERENCES `admin_users` (`id`) ON DELETE SET NULL
) ENGINE=InnoDB DEFAULT CHARSET=utf8mb4 COLLATE=utf8mb4_0900_ai_ci;

--
-- Dumping data for table `strapi_transfer_token_permissions`
--


--
-- Table structure for table `strapi_transfer_token_permissions_token_links`
--

CREATE TABLE `strapi_transfer_token_permissions_token_links` (
  `id` int unsigned NOT NULL AUTO_INCREMENT,
  `transfer_token_permission_id` int unsigned DEFAULT NULL,
  `transfer_token_id` int unsigned DEFAULT NULL,
  `transfer_token_permission_order` double unsigned DEFAULT NULL,
  PRIMARY KEY (`id`),
  UNIQUE KEY `strapi_transfer_token_permissions_token_links_unique` (`transfer_token_permission_id`,`transfer_token_id`),
  KEY `strapi_transfer_token_permissions_token_links_fk` (`transfer_token_permission_id`),
  KEY `strapi_transfer_token_permissions_token_links_inv_fk` (`transfer_token_id`),
  KEY `strapi_transfer_token_permissions_token_links_order_inv_fk` (`transfer_token_permission_order`),
  CONSTRAINT `strapi_transfer_token_permissions_token_links_fk` FOREIGN KEY (`transfer_token_permission_id`) REFERENCES `strapi_transfer_token_permissions` (`id`) ON DELETE CASCADE,
  CONSTRAINT `strapi_transfer_token_permissions_token_links_inv_fk` FOREIGN KEY (`transfer_token_id`) REFERENCES `strapi_transfer_tokens` (`id`) ON DELETE CASCADE
) ENGINE=InnoDB DEFAULT CHARSET=utf8mb4 COLLATE=utf8mb4_0900_ai_ci;

--
-- Dumping data for table `strapi_transfer_token_permissions_token_links`
--


--
-- Table structure for table `strapi_webhooks`
--

CREATE TABLE `strapi_webhooks` (
  `id` int unsigned NOT NULL AUTO_INCREMENT,
  `name` varchar(255) DEFAULT NULL,
  `url` longtext,
  `headers` json DEFAULT NULL,
  `events` json DEFAULT NULL,
  `enabled` tinyint(1) DEFAULT NULL,
  PRIMARY KEY (`id`)
) ENGINE=InnoDB DEFAULT CHARSET=utf8mb4 COLLATE=utf8mb4_0900_ai_ci;

--
-- Dumping data for table `strapi_webhooks`
--


--
-- Table structure for table `success_stories`
--

CREATE TABLE `success_stories` (
  `id` int unsigned NOT NULL AUTO_INCREMENT,
  `title` varchar(255) DEFAULT NULL,
  `description` longtext,
  `date` date DEFAULT NULL,
  `link` longtext,
  `created_at` datetime(6) DEFAULT NULL,
  `updated_at` datetime(6) DEFAULT NULL,
  `published_at` datetime(6) DEFAULT NULL,
  `created_by_id` int unsigned DEFAULT NULL,
  `updated_by_id` int unsigned DEFAULT NULL,
  PRIMARY KEY (`id`),
  KEY `success_stories_created_by_id_fk` (`created_by_id`),
  KEY `success_stories_updated_by_id_fk` (`updated_by_id`),
  CONSTRAINT `success_stories_created_by_id_fk` FOREIGN KEY (`created_by_id`) REFERENCES `admin_users` (`id`) ON DELETE SET NULL,
  CONSTRAINT `success_stories_updated_by_id_fk` FOREIGN KEY (`updated_by_id`) REFERENCES `admin_users` (`id`) ON DELETE SET NULL
) ENGINE=InnoDB AUTO_INCREMENT=4 DEFAULT CHARSET=utf8mb4 COLLATE=utf8mb4_0900_ai_ci;

--
-- Dumping data for table `success_stories`
--

INSERT INTO `success_stories` VALUES (1,'अपने होंसले और हुनर से पुरुषों का मात दे रही है, उड़ीसा की रिंकी',NULL,NULL,'https://nsdcindia.org/successstories/2022/06/22/%E0%A4%85%E0%A4%AA%E0%A4%A8%E0%A5%87-%E0%A4%B9%E0%A5%8B%E0%A4%82%E0%A4%B8%E0%A4%B2%E0%A5%87-%E0%A4%94%E0%A4%B0-%E0%A4%B9%E0%A5%81%E0%A4%A8%E0%A4%B0-%E0%A4%B8%E0%A5%87-%E0%A4%AA%E0%A5%81%E0%A4%B0%E0%A5%81%E0%A4%B7%E0%A5%8B%E0%A4%82-%E0%A4%95%E0%A4%BE-%E0%A4%AE%E0%A4%BE%E0%A4%A4-%E0%A4%A6%E0%A5%87-%E0%A4%B0%E0%A4%B9%E0%A5%80-%E0%A4%B9%E0%A5%88-%E0%A4%89%E0%A4%A1%E0%A4%BC%E0%A5%80%E0%A4%B8%E0%A4%BE-%E0%A4%95%E0%A5%80-%E0%A4%B0%E0%A4%BF%E0%A4%82%E0%A4%95%E0%A5%80','2023-05-12 13:08:18.532000','2023-05-12 13:08:22.036000','2023-05-12 13:08:22.002000',1,1),(2,'How NSDC & Microsoft helped pave Payal Chauhan\'s path to self-reliance',NULL,NULL,'https://nsdcindia.org/successstories/2021/12/06/how-nsdc-microsoft-helped-pave-payal-chauhans-path-self-reliance','2023-05-12 13:09:05.112000','2023-05-12 13:09:06.094000','2023-05-12 13:09:06.091000',1,1),(3,'The Success Story of Santan Kumar',NULL,NULL,'https://nsdcindia.org/successstories/2019/03/19/success-story-santan-kumar','2023-05-12 13:12:46.835000','2023-05-12 13:12:46.835000',NULL,1,1);

--
-- Table structure for table `up_permissions`
--

CREATE TABLE `up_permissions` (
  `id` int unsigned NOT NULL AUTO_INCREMENT,
  `action` varchar(255) DEFAULT NULL,
  `created_at` datetime(6) DEFAULT NULL,
  `updated_at` datetime(6) DEFAULT NULL,
  `created_by_id` int unsigned DEFAULT NULL,
  `updated_by_id` int unsigned DEFAULT NULL,
  PRIMARY KEY (`id`),
  KEY `up_permissions_created_by_id_fk` (`created_by_id`),
  KEY `up_permissions_updated_by_id_fk` (`updated_by_id`),
  CONSTRAINT `up_permissions_created_by_id_fk` FOREIGN KEY (`created_by_id`) REFERENCES `admin_users` (`id`) ON DELETE SET NULL,
  CONSTRAINT `up_permissions_updated_by_id_fk` FOREIGN KEY (`updated_by_id`) REFERENCES `admin_users` (`id`) ON DELETE SET NULL
) ENGINE=InnoDB AUTO_INCREMENT=10 DEFAULT CHARSET=utf8mb4 COLLATE=utf8mb4_0900_ai_ci;

--
-- Dumping data for table `up_permissions`
--

INSERT INTO `up_permissions` VALUES (1,'plugin::users-permissions.user.me','2023-05-11 16:43:41.085000','2023-05-11 16:43:41.085000',NULL,NULL),(2,'plugin::users-permissions.auth.changePassword','2023-05-11 16:43:41.086000','2023-05-11 16:43:41.086000',NULL,NULL),(3,'plugin::users-permissions.auth.callback','2023-05-11 16:43:41.108000','2023-05-11 16:43:41.108000',NULL,NULL),(4,'plugin::users-permissions.auth.connect','2023-05-11 16:43:41.108000','2023-05-11 16:43:41.108000',NULL,NULL),(5,'plugin::users-permissions.auth.forgotPassword','2023-05-11 16:43:41.108000','2023-05-11 16:43:41.108000',NULL,NULL),(6,'plugin::users-permissions.auth.resetPassword','2023-05-11 16:43:41.108000','2023-05-11 16:43:41.108000',NULL,NULL),(7,'plugin::users-permissions.auth.register','2023-05-11 16:43:41.108000','2023-05-11 16:43:41.108000',NULL,NULL),(8,'plugin::users-permissions.auth.emailConfirmation','2023-05-11 16:43:41.108000','2023-05-11 16:43:41.108000',NULL,NULL),(9,'plugin::users-permissions.auth.sendEmailConfirmation','2023-05-11 16:43:41.108000','2023-05-11 16:43:41.108000',NULL,NULL);

--
-- Table structure for table `up_permissions_role_links`
--

CREATE TABLE `up_permissions_role_links` (
  `id` int unsigned NOT NULL AUTO_INCREMENT,
  `permission_id` int unsigned DEFAULT NULL,
  `role_id` int unsigned DEFAULT NULL,
  `permission_order` double unsigned DEFAULT NULL,
  PRIMARY KEY (`id`),
  UNIQUE KEY `up_permissions_role_links_unique` (`permission_id`,`role_id`),
  KEY `up_permissions_role_links_fk` (`permission_id`),
  KEY `up_permissions_role_links_inv_fk` (`role_id`),
  KEY `up_permissions_role_links_order_inv_fk` (`permission_order`),
  CONSTRAINT `up_permissions_role_links_fk` FOREIGN KEY (`permission_id`) REFERENCES `up_permissions` (`id`) ON DELETE CASCADE,
  CONSTRAINT `up_permissions_role_links_inv_fk` FOREIGN KEY (`role_id`) REFERENCES `up_roles` (`id`) ON DELETE CASCADE
) ENGINE=InnoDB AUTO_INCREMENT=10 DEFAULT CHARSET=utf8mb4 COLLATE=utf8mb4_0900_ai_ci;

--
-- Dumping data for table `up_permissions_role_links`
--

INSERT INTO `up_permissions_role_links` VALUES (1,1,1,1),(2,2,1,1),(3,3,2,1),(4,7,2,1),(5,6,2,2),(6,5,2,2),(7,8,2,2),(8,4,2,2),(9,9,2,2);

--
-- Table structure for table `up_roles`
--

CREATE TABLE `up_roles` (
  `id` int unsigned NOT NULL AUTO_INCREMENT,
  `name` varchar(255) DEFAULT NULL,
  `description` varchar(255) DEFAULT NULL,
  `type` varchar(255) DEFAULT NULL,
  `created_at` datetime(6) DEFAULT NULL,
  `updated_at` datetime(6) DEFAULT NULL,
  `created_by_id` int unsigned DEFAULT NULL,
  `updated_by_id` int unsigned DEFAULT NULL,
  PRIMARY KEY (`id`),
  KEY `up_roles_created_by_id_fk` (`created_by_id`),
  KEY `up_roles_updated_by_id_fk` (`updated_by_id`),
  CONSTRAINT `up_roles_created_by_id_fk` FOREIGN KEY (`created_by_id`) REFERENCES `admin_users` (`id`) ON DELETE SET NULL,
  CONSTRAINT `up_roles_updated_by_id_fk` FOREIGN KEY (`updated_by_id`) REFERENCES `admin_users` (`id`) ON DELETE SET NULL
) ENGINE=InnoDB AUTO_INCREMENT=3 DEFAULT CHARSET=utf8mb4 COLLATE=utf8mb4_0900_ai_ci;

--
-- Dumping data for table `up_roles`
--

INSERT INTO `up_roles` VALUES (1,'Authenticated','Default role given to authenticated user.','authenticated','2023-05-11 16:43:41.066000','2023-05-11 16:43:41.066000',NULL,NULL),(2,'Public','Default role given to unauthenticated user.','public','2023-05-11 16:43:41.074000','2023-05-11 16:43:41.074000',NULL,NULL);

--
-- Table structure for table `up_users_role_links`
--

CREATE TABLE `up_users_role_links` (
  `id` int unsigned NOT NULL AUTO_INCREMENT,
  `user_id` int unsigned DEFAULT NULL,
  `role_id` int unsigned DEFAULT NULL,
  `user_order` double unsigned DEFAULT NULL,
  PRIMARY KEY (`id`),
  UNIQUE KEY `up_users_role_links_unique` (`user_id`,`role_id`),
  KEY `up_users_role_links_fk` (`user_id`),
  KEY `up_users_role_links_inv_fk` (`role_id`),
  KEY `up_users_role_links_order_inv_fk` (`user_order`),
  CONSTRAINT `up_users_role_links_fk` FOREIGN KEY (`user_id`) REFERENCES `up_users` (`id`) ON DELETE CASCADE,
  CONSTRAINT `up_users_role_links_inv_fk` FOREIGN KEY (`role_id`) REFERENCES `up_roles` (`id`) ON DELETE CASCADE
) ENGINE=InnoDB DEFAULT CHARSET=utf8mb4 COLLATE=utf8mb4_0900_ai_ci;

--
-- Dumping data for table `up_users_role_links`
--


--
-- Table structure for table `updates`
--

CREATE TABLE `updates` (
  `id` int unsigned NOT NULL AUTO_INCREMENT,
  `title` varchar(255) DEFAULT NULL,
  `description` longtext,
  `date` date DEFAULT NULL,
  `link` varchar(255) DEFAULT NULL,
  `created_at` datetime(6) DEFAULT NULL,
  `updated_at` datetime(6) DEFAULT NULL,
  `published_at` datetime(6) DEFAULT NULL,
  `created_by_id` int unsigned DEFAULT NULL,
  `updated_by_id` int unsigned DEFAULT NULL,
  `type` varchar(255) DEFAULT NULL,
  PRIMARY KEY (`id`),
  KEY `updates_created_by_id_fk` (`created_by_id`),
  KEY `updates_updated_by_id_fk` (`updated_by_id`),
  CONSTRAINT `updates_created_by_id_fk` FOREIGN KEY (`created_by_id`) REFERENCES `admin_users` (`id`) ON DELETE SET NULL,
  CONSTRAINT `updates_updated_by_id_fk` FOREIGN KEY (`updated_by_id`) REFERENCES `admin_users` (`id`) ON DELETE SET NULL
) ENGINE=InnoDB AUTO_INCREMENT=10 DEFAULT CHARSET=utf8mb4 COLLATE=utf8mb4_0900_ai_ci;

--
-- Dumping data for table `updates`
--

INSERT INTO `updates` VALUES (1,'Advertisement for the position of CEO - Water Management & Plumbing Skill Council',NULL,'2023-05-01','https://nsdcindia.org/sites/default/files/WMPSC%20Job%20Description%20for%20CEO.pdf','2023-05-12 13:27:59.047000','2023-05-15 15:15:59.292000','2023-05-12 13:28:00.528000',1,1,'Blog'),(2,'Caution notices against Fathering Pvt. Ltd',NULL,'2023-05-02','https://youtu.be/JYzbxDLEbtM','2023-05-12 13:28:42.618000','2023-05-15 15:18:42.136000','2023-05-12 13:28:46.303000',1,1,'Video'),(3,'Closure of Assessments under PMKVY 3.0',NULL,'2023-05-03','https://nsdcindia.org/sites/default/files/Notice_PMKVY%203.0%20Closure%20of%20Assessments.pdf','2023-05-12 13:31:46.442000','2023-05-15 15:17:38.023000','2023-05-12 13:50:49.967000',1,1,'Blog'),(4,'Advertisement for the position of CEO - Water Management & Plumbing Skill Council',NULL,'2023-05-01','https://nsdcindia.org/sites/default/files/WMPSC%20Job%20Description%20for%20CEO.pdf','2023-05-23 19:21:54.530000','2023-05-23 19:35:34.408000','2023-05-12 13:28:00.528000',NULL,NULL,'Blog'),(5,NULL,NULL,NULL,NULL,'2023-05-23 19:28:46.893000','2023-05-23 19:28:46.893000','2023-05-23 19:28:46.888000',NULL,NULL,NULL),(6,'Sanni Kumar Singh','Developer',NULL,NULL,'2023-05-23 19:37:25.366000','2023-05-23 19:37:25.366000','2023-05-23 19:37:25.363000',NULL,NULL,NULL),(7,'Sanni Kumar Singh','Developer',NULL,NULL,'2023-05-23 19:37:41.962000','2023-05-23 19:37:41.962000','2023-05-23 19:37:41.961000',NULL,NULL,NULL),(8,'Sanni Kumar Singh','Developer',NULL,NULL,'2023-05-23 19:39:34.548000','2023-05-23 19:39:34.548000','2023-05-23 19:39:34.546000',NULL,NULL,NULL),(9,'7903850152','Developer',NULL,NULL,'2023-05-23 19:40:33.387000','2023-05-23 19:40:33.387000','2023-05-23 19:40:33.385000',NULL,NULL,NULL);

--
-- Table structure for table `upload_folders`
--

CREATE TABLE `upload_folders` (
  `id` int unsigned NOT NULL AUTO_INCREMENT,
  `name` varchar(255) DEFAULT NULL,
  `path_id` int DEFAULT NULL,
  `path` varchar(255) DEFAULT NULL,
  `created_at` datetime(6) DEFAULT NULL,
  `updated_at` datetime(6) DEFAULT NULL,
  `created_by_id` int unsigned DEFAULT NULL,
  `updated_by_id` int unsigned DEFAULT NULL,
  PRIMARY KEY (`id`),
  UNIQUE KEY `upload_folders_path_id_index` (`path_id`),
  UNIQUE KEY `upload_folders_path_index` (`path`),
  KEY `upload_folders_created_by_id_fk` (`created_by_id`),
  KEY `upload_folders_updated_by_id_fk` (`updated_by_id`),
  CONSTRAINT `upload_folders_created_by_id_fk` FOREIGN KEY (`created_by_id`) REFERENCES `admin_users` (`id`) ON DELETE SET NULL,
  CONSTRAINT `upload_folders_updated_by_id_fk` FOREIGN KEY (`updated_by_id`) REFERENCES `admin_users` (`id`) ON DELETE SET NULL
) ENGINE=InnoDB AUTO_INCREMENT=2 DEFAULT CHARSET=utf8mb4 COLLATE=utf8mb4_0900_ai_ci;

--
-- Dumping data for table `upload_folders`
--

INSERT INTO `upload_folders` VALUES (1,'API Uploads',1,'/1','2023-05-23 19:27:43.105000','2023-05-23 19:27:43.105000',NULL,NULL);

--
-- Table structure for table `upload_folders_parent_links`
--

CREATE TABLE `upload_folders_parent_links` (
  `id` int unsigned NOT NULL AUTO_INCREMENT,
  `folder_id` int unsigned DEFAULT NULL,
  `inv_folder_id` int unsigned DEFAULT NULL,
  `folder_order` double unsigned DEFAULT NULL,
  PRIMARY KEY (`id`),
  UNIQUE KEY `upload_folders_parent_links_unique` (`folder_id`,`inv_folder_id`),
  KEY `upload_folders_parent_links_fk` (`folder_id`),
  KEY `upload_folders_parent_links_inv_fk` (`inv_folder_id`),
  KEY `upload_folders_parent_links_order_inv_fk` (`folder_order`),
  CONSTRAINT `upload_folders_parent_links_fk` FOREIGN KEY (`folder_id`) REFERENCES `upload_folders` (`id`) ON DELETE CASCADE,
  CONSTRAINT `upload_folders_parent_links_inv_fk` FOREIGN KEY (`inv_folder_id`) REFERENCES `upload_folders` (`id`) ON DELETE CASCADE
) ENGINE=InnoDB DEFAULT CHARSET=utf8mb4 COLLATE=utf8mb4_0900_ai_ci;

--
-- Dumping data for table `upload_folders_parent_links`
--



