--
-- Host: localhost    Database: strapi_demo
-- ------------------------------------------------------


--
-- Table structure for table `admin_permissions`
--

CREATE TABLE `admin_permissions` (
  `id` int unsigned NOT NULL AUTO_INCREMENT,
  `action` varchar(255) DEFAULT NULL,
  `subject` varchar(255) DEFAULT NULL,
  `properties` json DEFAULT NULL,
  `conditions` json DEFAULT NULL,
  `created_at` datetime(6) DEFAULT NULL,
  `updated_at` datetime(6) DEFAULT NULL,
  `created_by_id` int unsigned DEFAULT NULL,
  `updated_by_id` int unsigned DEFAULT NULL,
  PRIMARY KEY (`id`),
  KEY `admin_permissions_created_by_id_fk` (`created_by_id`),
  KEY `admin_permissions_updated_by_id_fk` (`updated_by_id`),
  CONSTRAINT `admin_permissions_created_by_id_fk` FOREIGN KEY (`created_by_id`) REFERENCES `admin_users` (`id`) ON DELETE SET NULL,
  CONSTRAINT `admin_permissions_updated_by_id_fk` FOREIGN KEY (`updated_by_id`) REFERENCES `admin_users` (`id`) ON DELETE SET NULL
) ENGINE=InnoDB AUTO_INCREMENT=178 DEFAULT CHARSET=utf8mb4 COLLATE=utf8mb4_0900_ai_ci;

--
-- Dumping data for table `admin_permissions`
--

INSERT INTO `admin_permissions` VALUES (1,'plugin::upload.read',NULL,'{}','[]','2023-05-11 16:43:41.275000','2023-05-11 16:43:41.275000',NULL,NULL),(2,'plugin::upload.configure-view',NULL,'{}','[]','2023-05-11 16:43:41.288000','2023-05-11 16:43:41.288000',NULL,NULL),(3,'plugin::upload.assets.create',NULL,'{}','[]','2023-05-11 16:43:41.302000','2023-05-11 16:43:41.302000',NULL,NULL),(4,'plugin::upload.assets.update',NULL,'{}','[]','2023-05-11 16:43:41.314000','2023-05-11 16:43:41.314000',NULL,NULL),(5,'plugin::upload.assets.download',NULL,'{}','[]','2023-05-11 16:43:41.324000','2023-05-11 16:43:41.324000',NULL,NULL),(6,'plugin::upload.assets.copy-link',NULL,'{}','[]','2023-05-11 16:43:41.336000','2023-05-11 16:43:41.336000',NULL,NULL),(7,'plugin::upload.read',NULL,'{}','[\"admin::is-creator\"]','2023-05-11 16:43:41.349000','2023-05-11 16:43:41.349000',NULL,NULL),(8,'plugin::upload.configure-view',NULL,'{}','[]','2023-05-11 16:43:41.360000','2023-05-11 16:43:41.360000',NULL,NULL),(9,'plugin::upload.assets.create',NULL,'{}','[]','2023-05-11 16:43:41.374000','2023-05-11 16:43:41.374000',NULL,NULL),(10,'plugin::upload.assets.update',NULL,'{}','[\"admin::is-creator\"]','2023-05-11 16:43:41.388000','2023-05-11 16:43:41.388000',NULL,NULL),(11,'plugin::upload.assets.download',NULL,'{}','[]','2023-05-11 16:43:41.400000','2023-05-11 16:43:41.400000',NULL,NULL),(12,'plugin::upload.assets.copy-link',NULL,'{}','[]','2023-05-11 16:43:41.411000','2023-05-11 16:43:41.411000',NULL,NULL),(13,'plugin::content-manager.explorer.create','plugin::users-permissions.user','{\"fields\": [\"username\", \"email\", \"provider\", \"password\", \"resetPasswordToken\", \"confirmationToken\", \"confirmed\", \"blocked\", \"role\"]}','[]','2023-05-11 16:43:41.486000','2023-05-11 16:43:41.486000',NULL,NULL),(14,'plugin::content-manager.explorer.read','plugin::users-permissions.user','{\"fields\": [\"username\", \"email\", \"provider\", \"password\", \"resetPasswordToken\", \"confirmationToken\", \"confirmed\", \"blocked\", \"role\"]}','[]','2023-05-11 16:43:41.499000','2023-05-11 16:43:41.499000',NULL,NULL),(15,'plugin::content-manager.explorer.update','plugin::users-permissions.user','{\"fields\": [\"username\", \"email\", \"provider\", \"password\", \"resetPasswordToken\", \"confirmationToken\", \"confirmed\", \"blocked\", \"role\"]}','[]','2023-05-11 16:43:41.513000','2023-05-11 16:43:41.513000',NULL,NULL),(16,'plugin::content-manager.explorer.delete','plugin::users-permissions.user','{}','[]','2023-05-11 16:43:41.526000','2023-05-11 16:43:41.526000',NULL,NULL),(17,'plugin::content-manager.single-types.configure-view',NULL,'{}','[]','2023-05-11 16:43:41.540000','2023-05-11 16:43:41.540000',NULL,NULL),(18,'plugin::content-manager.collection-types.configure-view',NULL,'{}','[]','2023-05-11 16:43:41.553000','2023-05-11 16:43:41.553000',NULL,NULL),(19,'plugin::content-manager.components.configure-layout',NULL,'{}','[]','2023-05-11 16:43:41.568000','2023-05-11 16:43:41.568000',NULL,NULL),(20,'plugin::content-type-builder.read',NULL,'{}','[]','2023-05-11 16:43:41.587000','2023-05-11 16:43:41.587000',NULL,NULL),(21,'plugin::email.settings.read',NULL,'{}','[]','2023-05-11 16:43:41.605000','2023-05-11 16:43:41.605000',NULL,NULL),(22,'plugin::upload.read',NULL,'{}','[]','2023-05-11 16:43:41.626000','2023-05-11 16:43:41.626000',NULL,NULL),(23,'plugin::upload.assets.create',NULL,'{}','[]','2023-05-11 16:43:41.638000','2023-05-11 16:43:41.638000',NULL,NULL),(24,'plugin::upload.assets.update',NULL,'{}','[]','2023-05-11 16:43:41.649000','2023-05-11 16:43:41.649000',NULL,NULL),(25,'plugin::upload.assets.download',NULL,'{}','[]','2023-05-11 16:43:41.663000','2023-05-11 16:43:41.663000',NULL,NULL),(26,'plugin::upload.assets.copy-link',NULL,'{}','[]','2023-05-11 16:43:41.673000','2023-05-11 16:43:41.673000',NULL,NULL),(27,'plugin::upload.configure-view',NULL,'{}','[]','2023-05-11 16:43:41.687000','2023-05-11 16:43:41.687000',NULL,NULL),(28,'plugin::upload.settings.read',NULL,'{}','[]','2023-05-11 16:43:41.699000','2023-05-11 16:43:41.699000',NULL,NULL),(29,'plugin::users-permissions.roles.create',NULL,'{}','[]','2023-05-11 16:43:41.711000','2023-05-11 16:43:41.711000',NULL,NULL),(30,'plugin::users-permissions.roles.read',NULL,'{}','[]','2023-05-11 16:43:41.723000','2023-05-11 16:43:41.723000',NULL,NULL),(31,'plugin::users-permissions.roles.update',NULL,'{}','[]','2023-05-11 16:43:41.737000','2023-05-11 16:43:41.737000',NULL,NULL),(32,'plugin::users-permissions.roles.delete',NULL,'{}','[]','2023-05-11 16:43:41.748000','2023-05-11 16:43:41.748000',NULL,NULL),(33,'plugin::users-permissions.providers.read',NULL,'{}','[]','2023-05-11 16:43:41.760000','2023-05-11 16:43:41.760000',NULL,NULL),(34,'plugin::users-permissions.providers.update',NULL,'{}','[]','2023-05-11 16:43:41.772000','2023-05-11 16:43:41.772000',NULL,NULL),(35,'plugin::users-permissions.email-templates.read',NULL,'{}','[]','2023-05-11 16:43:41.786000','2023-05-11 16:43:41.786000',NULL,NULL),(36,'plugin::users-permissions.email-templates.update',NULL,'{}','[]','2023-05-11 16:43:41.797000','2023-05-11 16:43:41.797000',NULL,NULL),(37,'plugin::users-permissions.advanced-settings.read',NULL,'{}','[]','2023-05-11 16:43:41.809000','2023-05-11 16:43:41.809000',NULL,NULL),(38,'plugin::users-permissions.advanced-settings.update',NULL,'{}','[]','2023-05-11 16:43:41.824000','2023-05-11 16:43:41.824000',NULL,NULL),(39,'plugin::i18n.locale.create',NULL,'{}','[]','2023-05-11 16:43:41.835000','2023-05-11 16:43:41.835000',NULL,NULL),(40,'plugin::i18n.locale.read',NULL,'{}','[]','2023-05-11 16:43:41.852000','2023-05-11 16:43:41.852000',NULL,NULL),(41,'plugin::i18n.locale.update',NULL,'{}','[]','2023-05-11 16:43:41.865000','2023-05-11 16:43:41.865000',NULL,NULL),(42,'plugin::i18n.locale.delete',NULL,'{}','[]','2023-05-11 16:43:41.875000','2023-05-11 16:43:41.875000',NULL,NULL),(43,'admin::marketplace.read',NULL,'{}','[]','2023-05-11 16:43:41.894000','2023-05-11 16:43:41.894000',NULL,NULL),(44,'admin::webhooks.create',NULL,'{}','[]','2023-05-11 16:43:41.905000','2023-05-11 16:43:41.905000',NULL,NULL),(45,'admin::webhooks.read',NULL,'{}','[]','2023-05-11 16:43:41.918000','2023-05-11 16:43:41.918000',NULL,NULL),(46,'admin::webhooks.update',NULL,'{}','[]','2023-05-11 16:43:41.928000','2023-05-11 16:43:41.928000',NULL,NULL),(47,'admin::webhooks.delete',NULL,'{}','[]','2023-05-11 16:43:41.941000','2023-05-11 16:43:41.941000',NULL,NULL),(48,'admin::users.create',NULL,'{}','[]','2023-05-11 16:43:41.952000','2023-05-11 16:43:41.952000',NULL,NULL),(49,'admin::users.read',NULL,'{}','[]','2023-05-11 16:43:41.964000','2023-05-11 16:43:41.964000',NULL,NULL),(50,'admin::users.update',NULL,'{}','[]','2023-05-11 16:43:41.977000','2023-05-11 16:43:41.977000',NULL,NULL),(51,'admin::users.delete',NULL,'{}','[]','2023-05-11 16:43:41.988000','2023-05-11 16:43:41.988000',NULL,NULL),(52,'admin::roles.create',NULL,'{}','[]','2023-05-11 16:43:42.010000','2023-05-11 16:43:42.010000',NULL,NULL),(53,'admin::roles.read',NULL,'{}','[]','2023-05-11 16:43:42.024000','2023-05-11 16:43:42.024000',NULL,NULL),(54,'admin::roles.update',NULL,'{}','[]','2023-05-11 16:43:42.035000','2023-05-11 16:43:42.035000',NULL,NULL),(55,'admin::roles.delete',NULL,'{}','[]','2023-05-11 16:43:42.046000','2023-05-11 16:43:42.046000',NULL,NULL),(56,'admin::api-tokens.access',NULL,'{}','[]','2023-05-11 16:43:42.060000','2023-05-11 16:43:42.060000',NULL,NULL),(57,'admin::api-tokens.create',NULL,'{}','[]','2023-05-11 16:43:42.071000','2023-05-11 16:43:42.071000',NULL,NULL),(58,'admin::api-tokens.read',NULL,'{}','[]','2023-05-11 16:43:42.082000','2023-05-11 16:43:42.082000',NULL,NULL),(59,'admin::api-tokens.update',NULL,'{}','[]','2023-05-11 16:43:42.095000','2023-05-11 16:43:42.095000',NULL,NULL),(60,'admin::api-tokens.regenerate',NULL,'{}','[]','2023-05-11 16:43:42.109000','2023-05-11 16:43:42.109000',NULL,NULL),(61,'admin::api-tokens.delete',NULL,'{}','[]','2023-05-11 16:43:42.122000','2023-05-11 16:43:42.122000',NULL,NULL),(62,'admin::project-settings.update',NULL,'{}','[]','2023-05-11 16:43:42.135000','2023-05-11 16:43:42.135000',NULL,NULL),(63,'admin::project-settings.read',NULL,'{}','[]','2023-05-11 16:43:42.146000','2023-05-11 16:43:42.146000',NULL,NULL),(64,'admin::transfer.tokens.access',NULL,'{}','[]','2023-05-11 16:43:42.156000','2023-05-11 16:43:42.156000',NULL,NULL),(65,'admin::transfer.tokens.create',NULL,'{}','[]','2023-05-11 16:43:42.170000','2023-05-11 16:43:42.170000',NULL,NULL),(66,'admin::transfer.tokens.read',NULL,'{}','[]','2023-05-11 16:43:42.188000','2023-05-11 16:43:42.188000',NULL,NULL),(67,'admin::transfer.tokens.update',NULL,'{}','[]','2023-05-11 16:43:42.200000','2023-05-11 16:43:42.200000',NULL,NULL),(68,'admin::transfer.tokens.regenerate',NULL,'{}','[]','2023-05-11 16:43:42.218000','2023-05-11 16:43:42.218000',NULL,NULL),(69,'admin::transfer.tokens.delete',NULL,'{}','[]','2023-05-11 16:43:42.231000','2023-05-11 16:43:42.231000',NULL,NULL),(73,'plugin::content-manager.explorer.delete','api::story.story','{}','[]','2023-05-12 11:55:03.238000','2023-05-12 11:55:03.238000',NULL,NULL),(74,'plugin::content-manager.explorer.publish','api::story.story','{}','[]','2023-05-12 11:55:03.253000','2023-05-12 11:55:03.253000',NULL,NULL),(78,'plugin::content-manager.explorer.delete','api::update.update','{}','[]','2023-05-12 11:58:50.726000','2023-05-12 11:58:50.726000',NULL,NULL),(79,'plugin::content-manager.explorer.publish','api::update.update','{}','[]','2023-05-12 11:58:50.741000','2023-05-12 11:58:50.741000',NULL,NULL),(83,'plugin::content-manager.explorer.delete','api::podcast.podcast','{}','[]','2023-05-12 12:00:28.926000','2023-05-12 12:00:28.926000',NULL,NULL),(84,'plugin::content-manager.explorer.publish','api::podcast.podcast','{}','[]','2023-05-12 12:00:28.938000','2023-05-12 12:00:28.938000',NULL,NULL),(85,'plugin::content-manager.explorer.create','api::success-story.success-story','{\"fields\": [\"title\", \"description\", \"image\", \"date\", \"link\"]}','[]','2023-05-12 12:02:03.458000','2023-05-12 12:02:03.458000',NULL,NULL),(86,'plugin::content-manager.explorer.read','api::success-story.success-story','{\"fields\": [\"title\", \"description\", \"image\", \"date\", \"link\"]}','[]','2023-05-12 12:02:03.474000','2023-05-12 12:02:03.474000',NULL,NULL),(87,'plugin::content-manager.explorer.update','api::success-story.success-story','{\"fields\": [\"title\", \"description\", \"image\", \"date\", \"link\"]}','[]','2023-05-12 12:02:03.487000','2023-05-12 12:02:03.487000',NULL,NULL),(88,'plugin::content-manager.explorer.delete','api::success-story.success-story','{}','[]','2023-05-12 12:02:03.501000','2023-05-12 12:02:03.501000',NULL,NULL),(89,'plugin::content-manager.explorer.publish','api::success-story.success-story','{}','[]','2023-05-12 12:02:03.518000','2023-05-12 12:02:03.518000',NULL,NULL),(93,'plugin::content-manager.explorer.create','api::story.story','{\"fields\": [\"images\", \"title\", \"description\", \"main_image\", \"type\"]}','[]','2023-05-15 13:52:15.816000','2023-05-15 13:52:15.816000',NULL,NULL),(94,'plugin::content-manager.explorer.read','api::story.story','{\"fields\": [\"images\", \"title\", \"description\", \"main_image\", \"type\"]}','[]','2023-05-15 13:52:15.833000','2023-05-15 13:52:15.833000',NULL,NULL),(95,'plugin::content-manager.explorer.update','api::story.story','{\"fields\": [\"images\", \"title\", \"description\", \"main_image\", \"type\"]}','[]','2023-05-15 13:52:15.848000','2023-05-15 13:52:15.848000',NULL,NULL),(96,'plugin::content-manager.explorer.create','api::update.update','{\"fields\": [\"title\", \"description\", \"date\", \"image\", \"link\", \"type\"]}','[]','2023-05-15 15:15:41.139000','2023-05-15 15:15:41.139000',NULL,NULL),(97,'plugin::content-manager.explorer.read','api::update.update','{\"fields\": [\"title\", \"description\", \"date\", \"image\", \"link\", \"type\"]}','[]','2023-05-15 15:15:41.156000','2023-05-15 15:15:41.156000',NULL,NULL),(98,'plugin::content-manager.explorer.update','api::update.update','{\"fields\": [\"title\", \"description\", \"date\", \"image\", \"link\", \"type\"]}','[]','2023-05-15 15:15:41.171000','2023-05-15 15:15:41.171000',NULL,NULL),(102,'plugin::content-manager.explorer.create','api::podcast.podcast','{\"fields\": [\"title\", \"description\", \"link\", \"date\"]}','[]','2023-05-15 15:16:58.113000','2023-05-15 15:16:58.113000',NULL,NULL),(103,'plugin::content-manager.explorer.read','api::podcast.podcast','{\"fields\": [\"title\", \"description\", \"link\", \"date\"]}','[]','2023-05-15 15:16:58.140000','2023-05-15 15:16:58.140000',NULL,NULL),(104,'plugin::content-manager.explorer.update','api::podcast.podcast','{\"fields\": [\"title\", \"description\", \"link\", \"date\"]}','[]','2023-05-15 15:16:58.154000','2023-05-15 15:16:58.154000',NULL,NULL),(108,'plugin::content-manager.explorer.delete','api::institute.institute','{}','[]','2023-05-24 17:18:16.719000','2023-05-24 17:18:16.719000',NULL,NULL),(109,'plugin::content-manager.explorer.publish','api::institute.institute','{}','[]','2023-05-24 17:18:16.733000','2023-05-24 17:18:16.733000',NULL,NULL),(116,'plugin::content-manager.explorer.delete','api::event.event','{}','[]','2023-05-24 17:25:15.378000','2023-05-24 17:25:15.378000',NULL,NULL),(117,'plugin::content-manager.explorer.publish','api::event.event','{}','[]','2023-05-24 17:25:15.391000','2023-05-24 17:25:15.391000',NULL,NULL),(118,'plugin::content-manager.explorer.create','api::candidate.candidate','{\"fields\": [\"candName\", \"candGender\", \"candAge\", \"candEmail\", \"candMobile\"]}','[]','2023-05-24 17:27:58.926000','2023-05-24 17:27:58.926000',NULL,NULL),(119,'plugin::content-manager.explorer.read','api::candidate.candidate','{\"fields\": [\"candName\", \"candGender\", \"candAge\", \"candEmail\", \"candMobile\"]}','[]','2023-05-24 17:27:58.943000','2023-05-24 17:27:58.943000',NULL,NULL),(120,'plugin::content-manager.explorer.update','api::candidate.candidate','{\"fields\": [\"candName\", \"candGender\", \"candAge\", \"candEmail\", \"candMobile\"]}','[]','2023-05-24 17:27:58.957000','2023-05-24 17:27:58.957000',NULL,NULL),(121,'plugin::content-manager.explorer.delete','api::candidate.candidate','{}','[]','2023-05-24 17:27:58.970000','2023-05-24 17:27:58.970000',NULL,NULL),(122,'plugin::content-manager.explorer.publish','api::candidate.candidate','{}','[]','2023-05-24 17:27:58.983000','2023-05-24 17:27:58.983000',NULL,NULL),(141,'plugin::content-manager.explorer.delete','api::jan-bhagadari-event.jan-bhagadari-event','{}','[]','2023-05-24 17:51:58.600000','2023-05-24 17:51:58.600000',NULL,NULL),(142,'plugin::content-manager.explorer.publish','api::jan-bhagadari-event.jan-bhagadari-event','{}','[]','2023-05-24 17:51:58.613000','2023-05-24 17:51:58.613000',NULL,NULL),(143,'plugin::content-manager.explorer.create','api::jan-bhagadari-event.jan-bhagadari-event','{\"fields\": [\"eventState\", \"eventDistrict\", \"nameOfTheActivity\", \"eventDate\"]}','[]','2023-05-24 17:52:35.172000','2023-05-24 17:52:35.172000',NULL,NULL),(144,'plugin::content-manager.explorer.read','api::jan-bhagadari-event.jan-bhagadari-event','{\"fields\": [\"eventState\", \"eventDistrict\", \"nameOfTheActivity\", \"eventDate\"]}','[]','2023-05-24 17:52:35.186000','2023-05-24 17:52:35.186000',NULL,NULL),(145,'plugin::content-manager.explorer.update','api::jan-bhagadari-event.jan-bhagadari-event','{\"fields\": [\"eventState\", \"eventDistrict\", \"nameOfTheActivity\", \"eventDate\"]}','[]','2023-05-24 17:52:35.198000','2023-05-24 17:52:35.198000',NULL,NULL),(152,'plugin::content-manager.explorer.create','api::associated-attendence.associated-attendence','{\"fields\": [\"eventId\", \"instituteId\", \"candId\", \"date\"]}','[]','2023-05-25 11:05:32.239000','2023-05-25 11:05:32.239000',NULL,NULL),(153,'plugin::content-manager.explorer.read','api::associated-attendence.associated-attendence','{\"fields\": [\"eventId\", \"instituteId\", \"candId\", \"date\"]}','[]','2023-05-25 11:05:32.255000','2023-05-25 11:05:32.255000',NULL,NULL),(154,'plugin::content-manager.explorer.update','api::associated-attendence.associated-attendence','{\"fields\": [\"eventId\", \"instituteId\", \"candId\", \"date\"]}','[]','2023-05-25 11:05:32.272000','2023-05-25 11:05:32.272000',NULL,NULL),(155,'plugin::content-manager.explorer.delete','api::associated-attendence.associated-attendence','{}','[]','2023-05-25 11:05:32.287000','2023-05-25 11:05:32.287000',NULL,NULL),(156,'plugin::content-manager.explorer.publish','api::associated-attendence.associated-attendence','{}','[]','2023-05-25 11:05:32.303000','2023-05-25 11:05:32.303000',NULL,NULL),(163,'plugin::content-manager.explorer.create','api::institute.institute','{\"fields\": [\"instituteName\", \"instituteState\", \"instituteType\", \"spocName\", \"spocDesignation\", \"spocEmail\", \"spocMobile\", \"instituteDist\"]}','[]','2023-05-28 09:53:51.247000','2023-05-28 09:53:51.247000',NULL,NULL),(164,'plugin::content-manager.explorer.read','api::institute.institute','{\"fields\": [\"instituteName\", \"instituteState\", \"instituteType\", \"spocName\", \"spocDesignation\", \"spocEmail\", \"spocMobile\", \"instituteDist\"]}','[]','2023-05-28 09:53:51.263000','2023-05-28 09:53:51.263000',NULL,NULL),(165,'plugin::content-manager.explorer.update','api::institute.institute','{\"fields\": [\"instituteName\", \"instituteState\", \"instituteType\", \"spocName\", \"spocDesignation\", \"spocEmail\", \"spocMobile\", \"instituteDist\"]}','[]','2023-05-28 09:53:51.280000','2023-05-28 09:53:51.280000',NULL,NULL),(175,'plugin::content-manager.explorer.create','api::event.event','{\"fields\": [\"tentativeParticipation\", \"eventId\", \"instituteId\", \"eventUploadedImages\", \"qrCodeImage\", \"eventState\", \"eventDistrict\", \"nameOfTheActivity\", \"eventDate\"]}','[]','2023-05-28 10:30:32.456000','2023-05-28 10:30:32.456000',NULL,NULL),(176,'plugin::content-manager.explorer.read','api::event.event','{\"fields\": [\"tentativeParticipation\", \"eventId\", \"instituteId\", \"eventUploadedImages\", \"qrCodeImage\", \"eventState\", \"eventDistrict\", \"nameOfTheActivity\", \"eventDate\"]}','[]','2023-05-28 10:30:32.475000','2023-05-28 10:30:32.475000',NULL,NULL),(177,'plugin::content-manager.explorer.update','api::event.event','{\"fields\": [\"tentativeParticipation\", \"eventId\", \"instituteId\", \"eventUploadedImages\", \"qrCodeImage\", \"eventState\", \"eventDistrict\", \"nameOfTheActivity\", \"eventDate\"]}','[]','2023-05-28 10:30:32.491000','2023-05-28 10:30:32.491000',NULL,NULL);

--
-- Table structure for table `admin_permissions_role_links`
--

CREATE TABLE `admin_permissions_role_links` (
  `id` int unsigned NOT NULL AUTO_INCREMENT,
  `permission_id` int unsigned DEFAULT NULL,
  `role_id` int unsigned DEFAULT NULL,
  `permission_order` double unsigned DEFAULT NULL,
  PRIMARY KEY (`id`),
  UNIQUE KEY `admin_permissions_role_links_unique` (`permission_id`,`role_id`),
  KEY `admin_permissions_role_links_fk` (`permission_id`),
  KEY `admin_permissions_role_links_inv_fk` (`role_id`),
  KEY `admin_permissions_role_links_order_inv_fk` (`permission_order`),
  CONSTRAINT `admin_permissions_role_links_fk` FOREIGN KEY (`permission_id`) REFERENCES `admin_permissions` (`id`) ON DELETE CASCADE,
  CONSTRAINT `admin_permissions_role_links_inv_fk` FOREIGN KEY (`role_id`) REFERENCES `admin_roles` (`id`) ON DELETE CASCADE
) ENGINE=InnoDB AUTO_INCREMENT=178 DEFAULT CHARSET=utf8mb4 COLLATE=utf8mb4_0900_ai_ci;

--
-- Dumping data for table `admin_permissions_role_links`
--

INSERT INTO `admin_permissions_role_links` VALUES (1,1,2,1),(2,2,2,2),(3,3,2,3),(4,4,2,4),(5,5,2,5),(6,6,2,6),(7,7,3,1),(8,8,3,2),(9,9,3,3),(10,10,3,4),(11,11,3,5),(12,12,3,6),(13,13,1,1),(14,14,1,2),(15,15,1,3),(16,16,1,4),(17,17,1,5),(18,18,1,6),(19,19,1,7),(20,20,1,8),(21,21,1,9),(22,22,1,10),(23,23,1,11),(24,24,1,12),(25,25,1,13),(26,26,1,14),(27,27,1,15),(28,28,1,16),(29,29,1,17),(30,30,1,18),(31,31,1,19),(32,32,1,20),(33,33,1,21),(34,34,1,22),(35,35,1,23),(36,36,1,24),(37,37,1,25),(38,38,1,26),(39,39,1,27),(40,40,1,28),(41,41,1,29),(42,42,1,30),(43,43,1,31),(44,44,1,32),(45,45,1,33),(46,46,1,34),(47,47,1,35),(48,48,1,36),(49,49,1,37),(50,50,1,38),(51,51,1,39),(52,52,1,40),(53,53,1,41),(54,54,1,42),(55,55,1,43),(56,56,1,44),(57,57,1,45),(58,58,1,46),(59,59,1,47),(60,60,1,48),(61,61,1,49),(62,62,1,50),(63,63,1,51),(64,64,1,52),(65,65,1,53),(66,66,1,54),(67,67,1,55),(68,68,1,56),(69,69,1,57),(73,73,1,61),(74,74,1,62),(78,78,1,66),(79,79,1,67),(83,83,1,71),(84,84,1,72),(85,85,1,73),(86,86,1,74),(87,87,1,75),(88,88,1,76),(89,89,1,77),(93,93,1,78),(94,94,1,79),(95,95,1,80),(96,96,1,81),(97,97,1,82),(98,98,1,83),(102,102,1,84),(103,103,1,85),(104,104,1,86),(108,108,1,90),(109,109,1,91),(116,116,1,98),(117,117,1,99),(118,118,1,100),(119,119,1,101),(120,120,1,102),(121,121,1,103),(122,122,1,104),(141,141,1,111),(142,142,1,112),(143,143,1,113),(144,144,1,114),(145,145,1,115),(152,152,1,119),(153,153,1,120),(154,154,1,121),(155,155,1,122),(156,156,1,123),(163,163,1,127),(164,164,1,128),(165,165,1,129),(175,175,1,130),(176,176,1,131),(177,177,1,132);

--
-- Table structure for table `admin_roles`
--

CREATE TABLE `admin_roles` (
  `id` int unsigned NOT NULL AUTO_INCREMENT,
  `name` varchar(255) DEFAULT NULL,
  `code` varchar(255) DEFAULT NULL,
  `description` varchar(255) DEFAULT NULL,
  `created_at` datetime(6) DEFAULT NULL,
  `updated_at` datetime(6) DEFAULT NULL,
  `created_by_id` int unsigned DEFAULT NULL,
  `updated_by_id` int unsigned DEFAULT NULL,
  PRIMARY KEY (`id`),
  KEY `admin_roles_created_by_id_fk` (`created_by_id`),
  KEY `admin_roles_updated_by_id_fk` (`updated_by_id`),
  CONSTRAINT `admin_roles_created_by_id_fk` FOREIGN KEY (`created_by_id`) REFERENCES `admin_users` (`id`) ON DELETE SET NULL,
  CONSTRAINT `admin_roles_updated_by_id_fk` FOREIGN KEY (`updated_by_id`) REFERENCES `admin_users` (`id`) ON DELETE SET NULL
) ENGINE=InnoDB AUTO_INCREMENT=4 DEFAULT CHARSET=utf8mb4 COLLATE=utf8mb4_0900_ai_ci;

--
-- Dumping data for table `admin_roles`
--

INSERT INTO `admin_roles` VALUES (1,'Super Admin','strapi-super-admin','Super Admins can access and manage all features and settings.','2023-05-11 16:43:41.243000','2023-05-11 16:43:41.243000',NULL,NULL),(2,'Editor','strapi-editor','Editors can manage and publish contents including those of other users.','2023-05-11 16:43:41.256000','2023-05-11 16:43:41.256000',NULL,NULL),(3,'Author','strapi-author','Authors can manage the content they have created.','2023-05-11 16:43:41.265000','2023-05-11 16:43:41.265000',NULL,NULL);

--
-- Table structure for table `admin_users_roles_links`
--

CREATE TABLE `admin_users_roles_links` (
  `id` int unsigned NOT NULL AUTO_INCREMENT,
  `user_id` int unsigned DEFAULT NULL,
  `role_id` int unsigned DEFAULT NULL,
  `role_order` double unsigned DEFAULT NULL,
  `user_order` double unsigned DEFAULT NULL,
  PRIMARY KEY (`id`),
  UNIQUE KEY `admin_users_roles_links_unique` (`user_id`,`role_id`),
  KEY `admin_users_roles_links_fk` (`user_id`),
  KEY `admin_users_roles_links_inv_fk` (`role_id`),
  KEY `admin_users_roles_links_order_fk` (`role_order`),
  KEY `admin_users_roles_links_order_inv_fk` (`user_order`),
  CONSTRAINT `admin_users_roles_links_fk` FOREIGN KEY (`user_id`) REFERENCES `admin_users` (`id`) ON DELETE CASCADE,
  CONSTRAINT `admin_users_roles_links_inv_fk` FOREIGN KEY (`role_id`) REFERENCES `admin_roles` (`id`) ON DELETE CASCADE
) ENGINE=InnoDB AUTO_INCREMENT=2 DEFAULT CHARSET=utf8mb4 COLLATE=utf8mb4_0900_ai_ci;

--
-- Dumping data for table `admin_users_roles_links`
--

INSERT INTO `admin_users_roles_links` VALUES (1,1,1,1,1);

--
-- Table structure for table `associated_attendences`
--

CREATE TABLE `associated_attendences` (
  `id` int unsigned NOT NULL AUTO_INCREMENT,
  `event_id` varchar(255) DEFAULT NULL,
  `institute_id` varchar(255) DEFAULT NULL,
  `cand_id` varchar(255) DEFAULT NULL,
  `date` date DEFAULT NULL,
  `created_at` datetime(6) DEFAULT NULL,
  `updated_at` datetime(6) DEFAULT NULL,
  `published_at` datetime(6) DEFAULT NULL,
  `created_by_id` int unsigned DEFAULT NULL,
  `updated_by_id` int unsigned DEFAULT NULL,
  PRIMARY KEY (`id`),
  KEY `associated_attendences_created_by_id_fk` (`created_by_id`),
  KEY `associated_attendences_updated_by_id_fk` (`updated_by_id`),
  CONSTRAINT `associated_attendences_created_by_id_fk` FOREIGN KEY (`created_by_id`) REFERENCES `admin_users` (`id`) ON DELETE SET NULL,
  CONSTRAINT `associated_attendences_updated_by_id_fk` FOREIGN KEY (`updated_by_id`) REFERENCES `admin_users` (`id`) ON DELETE SET NULL
) ENGINE=InnoDB AUTO_INCREMENT=6 DEFAULT CHARSET=utf8mb4 COLLATE=utf8mb4_0900_ai_ci;

--
-- Dumping data for table `associated_attendences`
--

INSERT INTO `associated_attendences` VALUES (1,'1','1','1','2023-05-10','2023-05-25 11:06:17.846000','2023-05-25 11:06:19.362000','2023-05-25 11:06:19.358000',1,1),(2,'1','1','1',NULL,'2023-05-25 12:43:04.763000','2023-05-25 12:43:04.763000','2023-05-25 12:43:04.760000',NULL,NULL),(3,'1','1','1',NULL,'2023-05-25 12:44:37.908000','2023-05-25 12:44:37.908000','2023-05-25 12:44:37.902000',NULL,NULL),(4,'1','1','1',NULL,'2023-05-25 14:31:49.892000','2023-05-25 14:31:49.892000','2023-05-25 14:31:49.890000',NULL,NULL),(5,'897','456','631',NULL,'2023-05-25 14:53:47.424000','2023-05-25 14:53:47.424000','2023-05-25 14:53:47.422000',NULL,NULL);

--
-- Table structure for table `candidates`
--

CREATE TABLE `candidates` (
  `id` int unsigned NOT NULL AUTO_INCREMENT,
  `cand_name` varchar(255) DEFAULT NULL,
  `cand_gender` varchar(255) DEFAULT NULL,
  `cand_age` int DEFAULT NULL,
  `cand_email` varchar(255) DEFAULT NULL,
  `cand_mobile` bigint DEFAULT NULL,
  `created_at` datetime(6) DEFAULT NULL,
  `updated_at` datetime(6) DEFAULT NULL,
  `published_at` datetime(6) DEFAULT NULL,
  `created_by_id` int unsigned DEFAULT NULL,
  `updated_by_id` int unsigned DEFAULT NULL,
  PRIMARY KEY (`id`),
  KEY `candidates_created_by_id_fk` (`created_by_id`),
  KEY `candidates_updated_by_id_fk` (`updated_by_id`),
  CONSTRAINT `candidates_created_by_id_fk` FOREIGN KEY (`created_by_id`) REFERENCES `admin_users` (`id`) ON DELETE SET NULL,
  CONSTRAINT `candidates_updated_by_id_fk` FOREIGN KEY (`updated_by_id`) REFERENCES `admin_users` (`id`) ON DELETE SET NULL
) ENGINE=InnoDB AUTO_INCREMENT=4 DEFAULT CHARSET=utf8mb4 COLLATE=utf8mb4_0900_ai_ci;

--
-- Dumping data for table `candidates`
--

INSERT INTO `candidates` VALUES (1,'sanni','male',12,'sanni.singh@nsdcindia.org',8541015044,'2023-05-24 17:54:37.958000','2023-05-24 17:59:32.843000','2023-05-24 17:59:32.820000',1,1),(2,'pranjal','male',20,'pranjal.prasun@nsdcindia.org',7903850152,'2023-05-25 11:29:33.636000','2023-05-25 11:29:35.269000','2023-05-25 11:29:35.262000',1,1),(3,'test','male',22,'sanni.singh@nsdcindia.org',8541015044,'2023-05-26 14:06:30.134000','2023-05-26 14:06:30.134000',NULL,1,1);

--
-- Table structure for table `events`
--

CREATE TABLE `events` (
  `id` int unsigned NOT NULL AUTO_INCREMENT,
  `tentative_participation` int DEFAULT NULL,
  `event_id` varchar(255) DEFAULT NULL,
  `institute_id` varchar(255) DEFAULT NULL,
  `qr_code_image` longtext,
  `event_state` varchar(255) DEFAULT NULL,
  `event_district` varchar(255) DEFAULT NULL,
  `name_of_the_activity` varchar(255) DEFAULT NULL,
  `created_at` datetime(6) DEFAULT NULL,
  `updated_at` datetime(6) DEFAULT NULL,
  `published_at` datetime(6) DEFAULT NULL,
  `created_by_id` int unsigned DEFAULT NULL,
  `updated_by_id` int unsigned DEFAULT NULL,
  `event_date` varchar(255) DEFAULT NULL,
  PRIMARY KEY (`id`),
  KEY `events_created_by_id_fk` (`created_by_id`),
  KEY `events_updated_by_id_fk` (`updated_by_id`),
  CONSTRAINT `events_created_by_id_fk` FOREIGN KEY (`created_by_id`) REFERENCES `admin_users` (`id`) ON DELETE SET NULL,
  CONSTRAINT `events_updated_by_id_fk` FOREIGN KEY (`updated_by_id`) REFERENCES `admin_users` (`id`) ON DELETE SET NULL
) ENGINE=InnoDB AUTO_INCREMENT=455 DEFAULT CHARSET=utf8mb4 COLLATE=utf8mb4_0900_ai_ci;

--
-- Dumping data for table `events`
--

INSERT INTO `events` VALUES (129,298,'3','45','data:image/png;base64,[BLOB]','BIHAR',NULL,'Skill Quiz Competition','2023-05-29 10:45:07.523000','2023-05-29 12:17:12.986000','2023-05-29 10:45:07.521000',NULL,NULL,'2023-06-01'),(130,NULL,'6','45','data:image/png;base64,[BLOB]','BIHAR',NULL,'Prabhat Feri, Poster Release ','2023-05-29 10:45:07.549000','2023-05-29 10:45:07.549000','2023-05-29 10:45:07.545000',NULL,NULL,'2023-06-02'),(131,NULL,'4','45','data:image/png;base64,[BLOB]','BIHAR',NULL,'Cyclathon','2023-05-29 10:45:07.559000','2023-05-29 10:45:07.559000','2023-05-29 10:45:07.556000',NULL,NULL,'2023-05-01'),(132,NULL,'7','45','data:image/png;base64,[BLOB]','BIHAR',NULL,'Skill Hackathon','2023-05-29 10:45:07.566000','2023-05-29 10:45:07.566000','2023-05-29 10:45:07.564000',NULL,NULL,'2023-06-03'),(133,NULL,'5','45','data:image/png;base64,[BLOB]','BIHAR',NULL,'Webinar Series','2023-05-29 10:45:07.587000','2023-05-29 10:45:07.587000','2023-05-29 10:45:07.585000',NULL,NULL,'2023-06-02'),(134,NULL,'8','45','data:image/png;base64,[BLOB]','BIHAR',NULL,'Swachhata Campaign','2023-05-29 10:45:07.655000','2023-05-29 10:45:07.655000','2023-05-29 10:45:07.651000',NULL,NULL,'2023-06-03'),(135,NULL,'9','45','data:image/png;base64,[BLOB]','BIHAR',NULL,'Industry Immersion Visits ','2023-05-29 10:45:07.840000','2023-05-29 10:45:07.840000','2023-05-29 10:45:07.804000',NULL,NULL,'2023-06-05'),(136,NULL,'10','45','data:image/png;base64,[BLOB]','BIHAR',NULL,'Tree Plantation Derive','2023-05-29 10:45:07.865000','2023-05-29 10:45:07.865000','2023-05-29 10:45:07.863000',NULL,NULL,'2023-06-05'),(137,NULL,'11','45','data:image/png;base64,[BLOB]','BIHAR',NULL,'Skill Masterclasses','2023-05-29 10:45:07.891000','2023-05-29 10:45:07.891000','2023-05-29 10:45:07.889000',NULL,NULL,'2023-06-06'),(138,NULL,'12','45','data:image/png;base64,[BLOB]','BIHAR',NULL,'Face Painting/Rangoli Competition ','2023-05-29 10:45:07.898000','2023-05-29 10:45:07.898000','2023-05-29 10:45:07.896000',NULL,NULL,'2023-06-06'),(139,NULL,'15','45','data:image/png;base64,[BLOB]','BIHAR',NULL,'Entrepreneurship Bootcamp','2023-05-29 10:45:07.918000','2023-05-29 10:45:07.918000','2023-05-29 10:45:07.916000',NULL,NULL,'2023-06-08'),(140,NULL,'13','45','data:image/png;base64,[BLOB]','BIHAR',NULL,'Career Counselling Sessions','2023-05-29 10:45:07.927000','2023-05-29 10:45:07.927000','2023-05-29 10:45:07.925000',NULL,NULL,'2023-06-07'),(141,NULL,'16','45','data:image/png;base64,[BLOB]','BIHAR',NULL,'Debate Competition','2023-05-29 10:45:08.539000','2023-05-29 10:45:08.539000','2023-05-29 10:45:08.536000',NULL,NULL,'2023-06-08'),(142,NULL,'14','45','data:image/png;base64,[BLOB]','BIHAR',NULL,'Marathon','2023-05-29 10:45:08.637000','2023-05-29 10:45:08.637000','2023-05-29 10:45:08.635000',NULL,NULL,'2023-06-07'),(143,NULL,'17','45','data:image/png;base64,[BLOB]','BIHAR',NULL,'Skill Innovation Challenge','2023-05-29 10:45:09.498000','2023-05-29 10:45:09.498000','2023-05-29 10:45:09.493000',NULL,NULL,'2023-06-09'),(144,NULL,'18','45','data:image/png;base64,[BLOB]','BIHAR',NULL,'Expert Lecture by Industry Speakers','2023-05-29 10:45:10.492000','2023-05-29 10:45:10.492000','2023-05-29 10:45:10.490000',NULL,NULL,'2023-06-09'),(145,NULL,'19','45','data:image/png;base64,[BLOB]','BIHAR',NULL,'Skill Showcase Competitions','2023-05-29 10:45:11.665000','2023-05-29 10:45:11.665000','2023-05-29 10:45:11.662000',NULL,NULL,'2023-06-10'),(146,NULL,'22','45','data:image/png;base64,[BLOB]','BIHAR',NULL,'Slogan Writing Competition','2023-05-29 10:45:12.784000','2023-05-29 10:45:12.784000','2023-05-29 10:45:12.781000',NULL,NULL,'2023-06-12'),(147,NULL,'21','45','data:image/png;base64,[BLOB]','BIHAR',NULL,'Skill Awareness Campaign','2023-05-29 10:45:12.794000','2023-05-29 10:45:12.794000','2023-05-29 10:45:12.792000',NULL,NULL,'2023-06-12'),(148,NULL,'20','45','data:image/png;base64,[BLOB]','BIHAR',NULL,'Essay Writing Competition','2023-05-29 10:45:12.813000','2023-05-29 10:45:12.813000','2023-05-29 10:45:12.810000',NULL,NULL,'2023-06-10'),(149,NULL,'23','45','data:image/png;base64,[BLOB]','BIHAR',NULL,'Skill Olympiad','2023-05-29 10:45:12.822000','2023-05-29 10:45:12.822000','2023-05-29 10:45:12.817000',NULL,NULL,'2023-06-13'),(150,NULL,'25','45','data:image/png;base64,[BLOB]','BIHAR',NULL,'Workshops','2023-05-29 10:45:12.839000','2023-05-29 10:45:12.839000','2023-05-29 10:45:12.832000',NULL,NULL,'2023-06-14'),(151,NULL,'24','45','data:image/png;base64,[BLOB]','BIHAR',NULL,'Yoga  Competition ','2023-05-29 10:45:12.869000','2023-05-29 10:45:12.869000','2023-05-29 10:45:12.866000',NULL,NULL,'2023-06-13'),(152,NULL,'26','45','data:image/png;base64,[BLOB]','BIHAR',NULL,'Career Counselling Session ','2023-05-29 10:45:12.897000','2023-05-29 10:45:12.897000','2023-05-29 10:45:12.894000',NULL,NULL,'2023-06-14'),(153,NULL,'27','45','data:image/png;base64,[BLOB]','BIHAR',NULL,'Workshop','2023-05-29 10:45:12.906000','2023-05-29 10:45:12.906000','2023-05-29 10:45:12.903000',NULL,NULL,'2023-06-15'),(154,NULL,'3','46','data:image/png;base64,[BLOB]','BIHAR',NULL,'Skill Quiz Competition','2023-05-29 10:55:40.731000','2023-05-29 10:55:40.731000','2023-05-29 10:55:40.728000',NULL,NULL,'2023-06-01'),(155,NULL,'4','46','data:image/png;base64,[BLOB]','BIHAR',NULL,'Cyclathon','2023-05-29 10:55:40.771000','2023-05-29 10:55:40.771000','2023-05-29 10:55:40.769000',NULL,NULL,'2023-05-01'),(156,NULL,'5','46','data:image/png;base64,[BLOB]','BIHAR',NULL,'Webinar Series','2023-05-29 10:55:40.822000','2023-05-29 10:55:40.822000','2023-05-29 10:55:40.814000',NULL,NULL,'2023-06-02'),(157,NULL,'6','46','data:image/png;base64,[BLOB]','BIHAR',NULL,'Prabhat Feri, Poster Release ','2023-05-29 10:55:40.832000','2023-05-29 10:55:40.832000','2023-05-29 10:55:40.830000',NULL,NULL,'2023-06-02'),(158,NULL,'7','46','data:image/png;base64,[BLOB]','BIHAR',NULL,'Skill Hackathon','2023-05-29 10:55:40.862000','2023-05-29 10:55:40.862000','2023-05-29 10:55:40.857000',NULL,NULL,'2023-06-03'),(159,NULL,'8','46','data:image/png;base64,[BLOB]','BIHAR',NULL,'Swachhata Campaign','2023-05-29 10:55:40.913000','2023-05-29 10:55:40.913000','2023-05-29 10:55:40.910000',NULL,NULL,'2023-06-03'),(160,NULL,'9','46','data:image/png;base64,[BLOB]','BIHAR',NULL,'Industry Immersion Visits ','2023-05-29 10:55:40.919000','2023-05-29 10:55:40.919000','2023-05-29 10:55:40.917000',NULL,NULL,'2023-06-05'),(161,NULL,'10','46','data:image/png;base64,[BLOB]','BIHAR',NULL,'Tree Plantation Derive','2023-05-29 10:55:40.958000','2023-05-29 10:55:40.958000','2023-05-29 10:55:40.956000',NULL,NULL,'2023-06-05'),(162,NULL,'11','46','data:image/png;base64,[BLOB]','BIHAR',NULL,'Skill Masterclasses','2023-05-29 10:55:40.999000','2023-05-29 10:55:40.999000','2023-05-29 10:55:40.997000',NULL,NULL,'2023-06-06'),(163,NULL,'16','46','data:image/png;base64,[BLOB]','BIHAR',NULL,'Debate Competition','2023-05-29 10:55:41.045000','2023-05-29 10:55:41.045000','2023-05-29 10:55:41.043000',NULL,NULL,'2023-06-08'),(164,NULL,'13','46','data:image/png;base64,[BLOB]','BIHAR',NULL,'Career Counselling Sessions','2023-05-29 10:55:41.052000','2023-05-29 10:55:41.052000','2023-05-29 10:55:41.049000',NULL,NULL,'2023-06-07'),(165,NULL,'12','46','data:image/png;base64,[BLOB]','BIHAR',NULL,'Face Painting/Rangoli Competition ','2023-05-29 10:55:41.058000','2023-05-29 10:55:41.058000','2023-05-29 10:55:41.056000',NULL,NULL,'2023-06-06'),(166,NULL,'14','46','data:image/png;base64,[BLOB]','BIHAR',NULL,'Marathon','2023-05-29 10:55:41.289000','2023-05-29 10:55:41.289000','2023-05-29 10:55:41.287000',NULL,NULL,'2023-06-07'),(167,NULL,'15','46','data:image/png;base64,[BLOB]','BIHAR',NULL,'Entrepreneurship Bootcamp','2023-05-29 10:55:41.299000','2023-05-29 10:55:41.299000','2023-05-29 10:55:41.298000',NULL,NULL,'2023-06-08'),(168,NULL,'17','46','data:image/png;base64,[BLOB]','BIHAR',NULL,'Skill Innovation Challenge','2023-05-29 10:55:41.336000','2023-05-29 10:55:41.336000','2023-05-29 10:55:41.333000',NULL,NULL,'2023-06-09'),(169,NULL,'18','46','data:image/png;base64,[BLOB]','BIHAR',NULL,'Expert Lecture by Industry Speakers','2023-05-29 10:55:42.149000','2023-05-29 10:55:42.149000','2023-05-29 10:55:42.146000',NULL,NULL,'2023-06-09'),(170,NULL,'19','46','data:image/png;base64,[BLOB]','BIHAR',NULL,'Skill Showcase Competitions','2023-05-29 10:55:42.191000','2023-05-29 10:55:42.191000','2023-05-29 10:55:42.189000',NULL,NULL,'2023-06-10'),(171,NULL,'20','46','data:image/png;base64,[BLOB]','BIHAR',NULL,'Essay Writing Competition','2023-05-29 10:55:43.154000','2023-05-29 10:55:43.154000','2023-05-29 10:55:43.151000',NULL,NULL,'2023-06-10'),(172,NULL,'21','46','data:image/png;base64,[BLOB]','BIHAR',NULL,'Skill Awareness Campaign','2023-05-29 10:55:43.180000','2023-05-29 10:55:43.180000','2023-05-29 10:55:43.178000',NULL,NULL,'2023-06-12'),(173,NULL,'23','46','data:image/png;base64,[BLOB]','BIHAR',NULL,'Skill Olympiad','2023-05-29 10:55:43.210000','2023-05-29 10:55:43.210000','2023-05-29 10:55:43.206000',NULL,NULL,'2023-06-13'),(174,NULL,'22','46','data:image/png;base64,[BLOB]','BIHAR',NULL,'Slogan Writing Competition','2023-05-29 10:55:43.235000','2023-05-29 10:55:43.235000','2023-05-29 10:55:43.233000',NULL,NULL,'2023-06-12'),(175,NULL,'24','46','data:image/png;base64,[BLOB]','BIHAR',NULL,'Yoga  Competition ','2023-05-29 10:55:44.151000','2023-05-29 10:55:44.151000','2023-05-29 10:55:44.149000',NULL,NULL,'2023-06-13'),(176,NULL,'25','46','data:image/png;base64,[BLOB]','BIHAR',NULL,'Workshops','2023-05-29 10:55:44.177000','2023-05-29 10:55:44.177000','2023-05-29 10:55:44.174000',NULL,NULL,'2023-06-14'),(177,NULL,'26','46','data:image/png;base64,[BLOB]','BIHAR',NULL,'Career Counselling Session ','2023-05-29 10:55:44.204000','2023-05-29 10:55:44.204000','2023-05-29 10:55:44.202000',NULL,NULL,'2023-06-14'),(178,NULL,'27','46','data:image/png;base64,[BLOB]','BIHAR',NULL,'Workshop','2023-05-29 10:55:44.226000','2023-05-29 10:55:44.226000','2023-05-29 10:55:44.224000',NULL,NULL,'2023-06-15'),(179,NULL,'3','47','data:image/png;base64,[BLOB]','BIHAR',NULL,'Skill Quiz Competition','2023-05-29 12:23:46.456000','2023-05-29 12:23:46.456000','2023-05-29 12:23:46.454000',NULL,NULL,'2023-06-01'),(180,NULL,'6','47','data:image/png;base64,[BLOB]','BIHAR',NULL,'Prabhat Feri, Poster Release ','2023-05-29 12:23:46.497000','2023-05-29 12:23:46.497000','2023-05-29 12:23:46.493000',NULL,NULL,'2023-06-02'),(181,NULL,'5','47','data:image/png;base64,[BLOB]','BIHAR',NULL,'Webinar Series','2023-05-29 12:23:46.509000','2023-05-29 12:23:46.509000','2023-05-29 12:23:46.507000',NULL,NULL,'2023-06-02'),(182,NULL,'7','47','data:image/png;base64,[BLOB]','BIHAR',NULL,'Skill Hackathon','2023-05-29 12:23:46.531000','2023-05-29 12:23:46.531000','2023-05-29 12:23:46.529000',NULL,NULL,'2023-06-03'),(183,NULL,'8','47','data:image/png;base64,[BLOB]','BIHAR',NULL,'Swachhata Campaign','2023-05-29 12:23:46.559000','2023-05-29 12:23:46.559000','2023-05-29 12:23:46.554000',NULL,NULL,'2023-06-03'),(184,NULL,'9','47','data:image/png;base64,[BLOB]','BIHAR',NULL,'Industry Immersion Visits ','2023-05-29 12:23:46.581000','2023-05-29 12:23:46.581000','2023-05-29 12:23:46.574000',NULL,NULL,'2023-06-05'),(185,NULL,'4','47','data:image/png;base64,[BLOB]','BIHAR',NULL,'Cyclathon','2023-05-29 12:23:46.657000','2023-05-29 12:23:46.657000','2023-05-29 12:23:46.654000',NULL,NULL,'2023-05-01'),(186,NULL,'10','47','data:image/png;base64,[BLOB]','BIHAR',NULL,'Tree Plantation Derive','2023-05-29 12:23:46.693000','2023-05-29 12:23:46.693000','2023-05-29 12:23:46.689000',NULL,NULL,'2023-06-05'),(187,NULL,'11','47','data:image/png;base64,[BLOB]','BIHAR',NULL,'Skill Masterclasses','2023-05-29 12:23:46.711000','2023-05-29 12:23:46.711000','2023-05-29 12:23:46.708000',NULL,NULL,'2023-06-06'),(188,NULL,'12','47','data:image/png;base64,[BLOB]','BIHAR',NULL,'Face Painting/Rangoli Competition ','2023-05-29 12:23:46.722000','2023-05-29 12:23:46.722000','2023-05-29 12:23:46.720000',NULL,NULL,'2023-06-06'),(189,NULL,'13','47','data:image/png;base64,[BLOB]','BIHAR',NULL,'Career Counselling Sessions','2023-05-29 12:23:46.741000','2023-05-29 12:23:46.741000','2023-05-29 12:23:46.739000',NULL,NULL,'2023-06-07'),(190,NULL,'15','47','data:image/png;base64,[BLOB]','BIHAR',NULL,'Entrepreneurship Bootcamp','2023-05-29 12:23:47.572000','2023-05-29 12:23:47.572000','2023-05-29 12:23:47.570000',NULL,NULL,'2023-06-08'),(191,NULL,'14','47','data:image/png;base64,[BLOB]','BIHAR',NULL,'Marathon','2023-05-29 12:23:47.592000','2023-05-29 12:23:47.592000','2023-05-29 12:23:47.590000',NULL,NULL,'2023-06-07'),(192,NULL,'16','47','data:image/png;base64,[BLOB]','BIHAR',NULL,'Debate Competition','2023-05-29 12:23:48.578000','2023-05-29 12:23:48.578000','2023-05-29 12:23:48.576000',NULL,NULL,'2023-06-08'),(193,NULL,'17','47','data:image/png;base64,[BLOB]','BIHAR',NULL,'Skill Innovation Challenge','2023-05-29 12:23:48.613000','2023-05-29 12:23:48.613000','2023-05-29 12:23:48.610000',NULL,NULL,'2023-06-09'),(194,NULL,'18','47','data:image/png;base64,[BLOB]','BIHAR',NULL,'Expert Lecture by Industry Speakers','2023-05-29 12:23:48.634000','2023-05-29 12:23:48.634000','2023-05-29 12:23:48.629000',NULL,NULL,'2023-06-09'),(195,NULL,'19','47','data:image/png;base64,[BLOB]','BIHAR',NULL,'Skill Showcase Competitions','2023-05-29 12:23:48.657000','2023-05-29 12:23:48.657000','2023-05-29 12:23:48.655000',NULL,NULL,'2023-06-10'),(196,NULL,'20','47','data:image/png;base64,[BLOB]','BIHAR',NULL,'Essay Writing Competition','2023-05-29 12:23:49.598000','2023-05-29 12:23:49.598000','2023-05-29 12:23:49.596000',NULL,NULL,'2023-06-10'),(197,NULL,'21','47','data:image/png;base64,[BLOB]','BIHAR',NULL,'Skill Awareness Campaign','2023-05-29 12:23:49.639000','2023-05-29 12:23:49.639000','2023-05-29 12:23:49.637000',NULL,NULL,'2023-06-12'),(198,NULL,'22','47','data:image/png;base64,[BLOB]','BIHAR',NULL,'Slogan Writing Competition','2023-05-29 12:23:49.657000','2023-05-29 12:23:49.657000','2023-05-29 12:23:49.653000',NULL,NULL,'2023-06-12'),(199,NULL,'24','47','data:image/png;base64,[BLOB]','BIHAR',NULL,'Yoga  Competition ','2023-05-29 12:23:49.685000','2023-05-29 12:23:49.685000','2023-05-29 12:23:49.683000',NULL,NULL,'2023-06-13'),(200,NULL,'26','47','data:image/png;base64,[BLOB]','BIHAR',NULL,'Career Counselling Session ','2023-05-29 12:23:49.701000','2023-05-29 12:23:49.701000','2023-05-29 12:23:49.699000',NULL,NULL,'2023-06-14'),(201,NULL,'25','47','data:image/png;base64,[BLOB]','BIHAR',NULL,'Workshops','2023-05-29 12:23:49.728000','2023-05-29 12:23:49.728000','2023-05-29 12:23:49.726000',NULL,NULL,'2023-06-14'),(202,NULL,'23','47','data:image/png;base64,[BLOB]','BIHAR',NULL,'Skill Olympiad','2023-05-29 12:23:49.865000','2023-05-29 12:23:49.865000','2023-05-29 12:23:49.862000',NULL,NULL,'2023-06-13'),(203,NULL,'27','47','data:image/png;base64,[BLOB]','BIHAR',NULL,'Workshop','2023-05-29 12:23:49.905000','2023-05-29 12:23:49.905000','2023-05-29 12:23:49.903000',NULL,NULL,'2023-06-15'),(204,NULL,'3','48','data:image/png;base64,[BLOB]','BIHAR',NULL,'Skill Quiz Competition','2023-05-29 12:35:02.704000','2023-05-29 12:35:02.704000','2023-05-29 12:35:02.701000',NULL,NULL,'2023-06-01'),(205,NULL,'5','48','data:image/png;base64,[BLOB]','BIHAR',NULL,'Webinar Series','2023-05-29 12:35:02.730000','2023-05-29 12:35:02.730000','2023-05-29 12:35:02.728000',NULL,NULL,'2023-06-02'),(206,NULL,'8','48','data:image/png;base64,[BLOB]','BIHAR',NULL,'Swachhata Campaign','2023-05-29 12:35:02.737000','2023-05-29 12:35:02.737000','2023-05-29 12:35:02.735000',NULL,NULL,'2023-06-03'),(207,NULL,'9','48','data:image/png;base64,[BLOB]','BIHAR',NULL,'Industry Immersion Visits ','2023-05-29 12:35:02.746000','2023-05-29 12:35:02.746000','2023-05-29 12:35:02.743000',NULL,NULL,'2023-06-05'),(208,NULL,'10','48','data:image/png;base64,[BLOB]','BIHAR',NULL,'Tree Plantation Derive','2023-05-29 12:35:02.755000','2023-05-29 12:35:02.755000','2023-05-29 12:35:02.753000',NULL,NULL,'2023-06-05'),(209,NULL,'7','48','data:image/png;base64,[BLOB]','BIHAR',NULL,'Skill Hackathon','2023-05-29 12:35:02.764000','2023-05-29 12:35:02.764000','2023-05-29 12:35:02.759000',NULL,NULL,'2023-06-03'),(210,NULL,'20','48','data:image/png;base64,[BLOB]','BIHAR',NULL,'Essay Writing Competition','2023-05-29 12:35:02.770000','2023-05-29 12:35:02.770000','2023-05-29 12:35:02.768000',NULL,NULL,'2023-06-10'),(211,NULL,'6','48','data:image/png;base64,[BLOB]','BIHAR',NULL,'Prabhat Feri, Poster Release ','2023-05-29 12:35:02.778000','2023-05-29 12:35:02.778000','2023-05-29 12:35:02.776000',NULL,NULL,'2023-06-02'),(212,NULL,'11','48','data:image/png;base64,[BLOB]','BIHAR',NULL,'Skill Masterclasses','2023-05-29 12:35:02.804000','2023-05-29 12:35:02.804000','2023-05-29 12:35:02.799000',NULL,NULL,'2023-06-06'),(213,NULL,'13','48','data:image/png;base64,[BLOB]','BIHAR',NULL,'Career Counselling Sessions','2023-05-29 12:35:02.816000','2023-05-29 12:35:02.816000','2023-05-29 12:35:02.812000',NULL,NULL,'2023-06-07'),(214,NULL,'15','48','data:image/png;base64,[BLOB]','BIHAR',NULL,'Entrepreneurship Bootcamp','2023-05-29 12:35:03.225000','2023-05-29 12:35:03.225000','2023-05-29 12:35:03.220000',NULL,NULL,'2023-06-08'),(215,NULL,'12','48','data:image/png;base64,[BLOB]','BIHAR',NULL,'Face Painting/Rangoli Competition ','2023-05-29 12:35:03.413000','2023-05-29 12:35:03.413000','2023-05-29 12:35:03.410000',NULL,NULL,'2023-06-06'),(216,NULL,'16','48','data:image/png;base64,[BLOB]','BIHAR',NULL,'Debate Competition','2023-05-29 12:35:04.216000','2023-05-29 12:35:04.216000','2023-05-29 12:35:04.214000',NULL,NULL,'2023-06-08'),(217,NULL,'17','48','data:image/png;base64,[BLOB]','BIHAR',NULL,'Skill Innovation Challenge','2023-05-29 12:35:04.245000','2023-05-29 12:35:04.245000','2023-05-29 12:35:04.243000',NULL,NULL,'2023-06-09'),(218,NULL,'14','48','data:image/png;base64,[BLOB]','BIHAR',NULL,'Marathon','2023-05-29 12:35:04.413000','2023-05-29 12:35:04.413000','2023-05-29 12:35:04.411000',NULL,NULL,'2023-06-07'),(219,NULL,'24','48','data:image/png;base64,[BLOB]','BIHAR',NULL,'Yoga  Competition ','2023-05-29 12:35:04.422000','2023-05-29 12:35:04.422000','2023-05-29 12:35:04.419000',NULL,NULL,'2023-06-13'),(220,NULL,'18','48','data:image/png;base64,[BLOB]','BIHAR',NULL,'Expert Lecture by Industry Speakers','2023-05-29 12:35:05.190000','2023-05-29 12:35:05.190000','2023-05-29 12:35:05.188000',NULL,NULL,'2023-06-09'),(221,NULL,'19','48','data:image/png;base64,[BLOB]','BIHAR',NULL,'Skill Showcase Competitions','2023-05-29 12:35:05.215000','2023-05-29 12:35:05.215000','2023-05-29 12:35:05.213000',NULL,NULL,'2023-06-10'),(222,NULL,'20','48','data:image/png;base64,[BLOB]','BIHAR',NULL,'Essay Writing Competition','2023-05-29 12:35:05.254000','2023-05-29 12:35:05.254000','2023-05-29 12:35:05.251000',NULL,NULL,'2023-06-10'),(223,NULL,'21','48','data:image/png;base64,[BLOB]','BIHAR',NULL,'Skill Awareness Campaign','2023-05-29 12:35:05.262000','2023-05-29 12:35:05.262000','2023-05-29 12:35:05.260000',NULL,NULL,'2023-06-12'),(224,NULL,'23','48','data:image/png;base64,[BLOB]','BIHAR',NULL,'Skill Olympiad','2023-05-29 12:35:05.458000','2023-05-29 12:35:05.458000','2023-05-29 12:35:05.455000',NULL,NULL,'2023-06-13'),(225,NULL,'21','48','data:image/png;base64,[BLOB]','BIHAR',NULL,'Skill Awareness Campaign','2023-05-29 12:35:05.467000','2023-05-29 12:35:05.467000','2023-05-29 12:35:05.465000',NULL,NULL,'2023-06-12'),(226,NULL,'22','48','data:image/png;base64,[BLOB]','BIHAR',NULL,'Slogan Writing Competition','2023-05-29 12:35:05.483000','2023-05-29 12:35:05.483000','2023-05-29 12:35:05.477000',NULL,NULL,'2023-06-12'),(227,NULL,'25','48','data:image/png;base64,[BLOB]','BIHAR',NULL,'Workshops','2023-05-29 12:35:05.501000','2023-05-29 12:35:05.501000','2023-05-29 12:35:05.499000',NULL,NULL,'2023-06-14'),(228,NULL,'23','48','data:image/png;base64,[BLOB]','BIHAR',NULL,'Skill Olympiad','2023-05-29 12:35:06.327000','2023-05-29 12:35:06.327000','2023-05-29 12:35:06.319000',NULL,NULL,'2023-06-13'),(229,NULL,'22','48','data:image/png;base64,[BLOB]','BIHAR',NULL,'Slogan Writing Competition','2023-05-29 12:35:06.347000','2023-05-29 12:35:06.347000','2023-05-29 12:35:06.345000',NULL,NULL,'2023-06-12'),(230,NULL,'27','48','data:image/png;base64,[BLOB]','BIHAR',NULL,'Workshop','2023-05-29 12:35:06.379000','2023-05-29 12:35:06.379000','2023-05-29 12:35:06.372000',NULL,NULL,'2023-06-15'),(231,NULL,'3','48','data:image/png;base64,[BLOB]','BIHAR',NULL,'Skill Quiz Competition','2023-05-29 12:35:06.476000','2023-05-29 12:35:06.476000','2023-05-29 12:35:06.474000',NULL,NULL,'2023-06-01'),(232,NULL,'24','48','data:image/png;base64,[BLOB]','BIHAR',NULL,'Yoga  Competition ','2023-05-29 12:35:06.509000','2023-05-29 12:35:06.509000','2023-05-29 12:35:06.506000',NULL,NULL,'2023-06-13'),(233,NULL,'4','48','data:image/png;base64,[BLOB]','BIHAR',NULL,'Cyclathon','2023-05-29 12:35:06.528000','2023-05-29 12:35:06.528000','2023-05-29 12:35:06.525000',NULL,NULL,'2023-05-01'),(234,NULL,'26','48','data:image/png;base64,[BLOB]','BIHAR',NULL,'Career Counselling Session ','2023-05-29 12:35:06.543000','2023-05-29 12:35:06.543000','2023-05-29 12:35:06.535000',NULL,NULL,'2023-06-14'),(235,NULL,'25','48','data:image/png;base64,[BLOB]','BIHAR',NULL,'Workshops','2023-05-29 12:35:06.550000','2023-05-29 12:35:06.550000','2023-05-29 12:35:06.547000',NULL,NULL,'2023-06-14'),(236,NULL,'27','48','data:image/png;base64,[BLOB]','BIHAR',NULL,'Workshop','2023-05-29 12:35:06.560000','2023-05-29 12:35:06.560000','2023-05-29 12:35:06.558000',NULL,NULL,'2023-06-15'),(237,NULL,'26','48','data:image/png;base64,[BLOB]','BIHAR',NULL,'Career Counselling Session ','2023-05-29 12:35:06.584000','2023-05-29 12:35:06.584000','2023-05-29 12:35:06.581000',NULL,NULL,'2023-06-14'),(238,NULL,'5','48','data:image/png;base64,[BLOB]','BIHAR',NULL,'Webinar Series','2023-05-29 12:35:07.244000','2023-05-29 12:35:07.244000','2023-05-29 12:35:07.242000',NULL,NULL,'2023-06-02'),(239,NULL,'6','48','data:image/png;base64,[BLOB]','BIHAR',NULL,'Prabhat Feri, Poster Release ','2023-05-29 12:35:07.268000','2023-05-29 12:35:07.268000','2023-05-29 12:35:07.266000',NULL,NULL,'2023-06-02'),(240,NULL,'9','48','data:image/png;base64,[BLOB]','BIHAR',NULL,'Industry Immersion Visits ','2023-05-29 12:35:07.303000','2023-05-29 12:35:07.303000','2023-05-29 12:35:07.301000',NULL,NULL,'2023-06-05'),(241,NULL,'7','48','data:image/png;base64,[BLOB]','BIHAR',NULL,'Skill Hackathon','2023-05-29 12:35:07.312000','2023-05-29 12:35:07.312000','2023-05-29 12:35:07.309000',NULL,NULL,'2023-06-03'),(242,NULL,'11','48','data:image/png;base64,[BLOB]','BIHAR',NULL,'Skill Masterclasses','2023-05-29 12:35:07.358000','2023-05-29 12:35:07.358000','2023-05-29 12:35:07.356000',NULL,NULL,'2023-06-06'),(243,NULL,'8','48','data:image/png;base64,[BLOB]','BIHAR',NULL,'Swachhata Campaign','2023-05-29 12:35:07.388000','2023-05-29 12:35:07.388000','2023-05-29 12:35:07.380000',NULL,NULL,'2023-06-03'),(244,NULL,'12','48','data:image/png;base64,[BLOB]','BIHAR',NULL,'Face Painting/Rangoli Competition ','2023-05-29 12:35:07.434000','2023-05-29 12:35:07.434000','2023-05-29 12:35:07.432000',NULL,NULL,'2023-06-06'),(245,NULL,'10','48','data:image/png;base64,[BLOB]','BIHAR',NULL,'Tree Plantation Derive','2023-05-29 12:35:07.476000','2023-05-29 12:35:07.476000','2023-05-29 12:35:07.470000',NULL,NULL,'2023-06-05'),(246,NULL,'14','48','data:image/png;base64,[BLOB]','BIHAR',NULL,'Marathon','2023-05-29 12:35:07.557000','2023-05-29 12:35:07.557000','2023-05-29 12:35:07.555000',NULL,NULL,'2023-06-07'),(247,NULL,'13','48','data:image/png;base64,[BLOB]','BIHAR',NULL,'Career Counselling Sessions','2023-05-29 12:35:07.578000','2023-05-29 12:35:07.578000','2023-05-29 12:35:07.573000',NULL,NULL,'2023-06-07'),(248,NULL,'15','48','data:image/png;base64,[BLOB]','BIHAR',NULL,'Entrepreneurship Bootcamp','2023-05-29 12:35:07.610000','2023-05-29 12:35:07.610000','2023-05-29 12:35:07.608000',NULL,NULL,'2023-06-08'),(249,NULL,'16','48','data:image/png;base64,[BLOB]','BIHAR',NULL,'Debate Competition','2023-05-29 12:35:07.629000','2023-05-29 12:35:07.629000','2023-05-29 12:35:07.627000',NULL,NULL,'2023-06-08'),(250,NULL,'17','48','data:image/png;base64,[BLOB]','BIHAR',NULL,'Skill Innovation Challenge','2023-05-29 12:35:07.642000','2023-05-29 12:35:07.642000','2023-05-29 12:35:07.640000',NULL,NULL,'2023-06-09'),(251,NULL,'18','48','data:image/png;base64,[BLOB]','BIHAR',NULL,'Expert Lecture by Industry Speakers','2023-05-29 12:35:07.650000','2023-05-29 12:35:07.650000','2023-05-29 12:35:07.648000',NULL,NULL,'2023-06-09'),(252,NULL,'19','48','data:image/png;base64,[BLOB]','BIHAR',NULL,'Skill Showcase Competitions','2023-05-29 12:35:07.664000','2023-05-29 12:35:07.664000','2023-05-29 12:35:07.662000',NULL,NULL,'2023-06-10'),(253,NULL,'4','48','data:image/png;base64,[BLOB]','BIHAR',NULL,'Cyclathon','2023-05-29 12:35:07.671000','2023-05-29 12:35:07.671000','2023-05-29 12:35:07.668000',NULL,NULL,'2023-05-01'),(254,500,'8','49','data:image/png;base64,[BLOB]','BIHAR',NULL,'Swachhata Campaign','2023-05-29 14:16:22.247000','2023-05-29 14:23:23.701000','2023-05-29 14:16:22.244000',NULL,NULL,'2023-06-03'),(255,NULL,'21','49','data:image/png;base64,[BLOB]','BIHAR',NULL,'Skill Awareness Campaign','2023-05-29 14:16:22.728000','2023-05-29 14:16:22.728000','2023-05-29 14:16:22.726000',NULL,NULL,'2023-06-12'),(256,NULL,'27','49','data:image/png;base64,[BLOB]','BIHAR',NULL,'Workshop','2023-05-29 14:16:23.189000','2023-05-29 14:16:23.189000','2023-05-29 14:16:23.187000',NULL,NULL,'2023-06-15'),(257,NULL,'3','49','data:image/png;base64,[BLOB]','BIHAR',NULL,'Skill Quiz Competition','2023-05-29 14:16:28.448000','2023-05-29 14:16:28.448000','2023-05-29 14:16:28.446000',NULL,NULL,'2023-06-01'),(258,NULL,'25','49','data:image/png;base64,[BLOB]','BIHAR',NULL,'Workshops','2023-05-29 14:16:28.881000','2023-05-29 14:16:28.881000','2023-05-29 14:16:28.879000',NULL,NULL,'2023-06-14'),(259,NULL,'20','49','data:image/png;base64,[BLOB]','BIHAR',NULL,'Essay Writing Competition','2023-05-29 14:16:29.375000','2023-05-29 14:16:29.375000','2023-05-29 14:16:29.373000',NULL,NULL,'2023-06-10'),(260,NULL,'26','49','data:image/png;base64,[BLOB]','BIHAR',NULL,'Career Counselling Session ','2023-05-29 14:16:30.040000','2023-05-29 14:16:30.040000','2023-05-29 14:16:30.038000',NULL,NULL,'2023-06-14'),(261,NULL,'24','49','data:image/png;base64,[BLOB]','BIHAR',NULL,'Yoga  Competition ','2023-05-29 14:16:31.457000','2023-05-29 14:16:31.457000','2023-05-29 14:16:31.451000',NULL,NULL,'2023-06-13'),(262,NULL,'22','49','data:image/png;base64,[BLOB]','BIHAR',NULL,'Slogan Writing Competition','2023-05-29 14:16:31.481000','2023-05-29 14:16:31.481000','2023-05-29 14:16:31.479000',NULL,NULL,'2023-06-12'),(263,NULL,'10','49','data:image/png;base64,[BLOB]','BIHAR',NULL,'Tree Plantation Derive','2023-05-29 14:16:31.519000','2023-05-29 14:16:31.519000','2023-05-29 14:16:31.516000',NULL,NULL,'2023-06-05'),(264,NULL,'15','49','data:image/png;base64,[BLOB]','BIHAR',NULL,'Entrepreneurship Bootcamp','2023-05-29 14:16:31.534000','2023-05-29 14:16:31.534000','2023-05-29 14:16:31.531000',NULL,NULL,'2023-06-08'),(265,NULL,'17','49','data:image/png;base64,[BLOB]','BIHAR',NULL,'Skill Innovation Challenge','2023-05-29 14:16:31.562000','2023-05-29 14:16:31.562000','2023-05-29 14:16:31.560000',NULL,NULL,'2023-06-09'),(266,NULL,'13','49','data:image/png;base64,[BLOB]','BIHAR',NULL,'Career Counselling Sessions','2023-05-29 14:16:31.618000','2023-05-29 14:16:31.618000','2023-05-29 14:16:31.613000',NULL,NULL,'2023-06-07'),(267,NULL,'11','49','data:image/png;base64,[BLOB]','BIHAR',NULL,'Skill Masterclasses','2023-05-29 14:16:31.640000','2023-05-29 14:16:31.640000','2023-05-29 14:16:31.629000',NULL,NULL,'2023-06-06'),(268,NULL,'5','49','data:image/png;base64,[BLOB]','BIHAR',NULL,'Webinar Series','2023-05-29 14:16:31.664000','2023-05-29 14:16:31.664000','2023-05-29 14:16:31.663000',NULL,NULL,'2023-06-02'),(269,NULL,'12','49','data:image/png;base64,[BLOB]','BIHAR',NULL,'Face Painting/Rangoli Competition ','2023-05-29 14:16:31.677000','2023-05-29 14:16:31.677000','2023-05-29 14:16:31.675000',NULL,NULL,'2023-06-06'),(270,NULL,'16','49','data:image/png;base64,[BLOB]','BIHAR',NULL,'Debate Competition','2023-05-29 14:16:31.683000','2023-05-29 14:16:31.683000','2023-05-29 14:16:31.681000',NULL,NULL,'2023-06-08'),(271,NULL,'23','49','data:image/png;base64,[BLOB]','BIHAR',NULL,'Skill Olympiad','2023-05-29 14:16:31.691000','2023-05-29 14:16:31.691000','2023-05-29 14:16:31.689000',NULL,NULL,'2023-06-13'),(272,NULL,'14','49','data:image/png;base64,[BLOB]','BIHAR',NULL,'Marathon','2023-05-29 14:16:31.870000','2023-05-29 14:16:31.870000','2023-05-29 14:16:31.868000',NULL,NULL,'2023-06-07'),(273,NULL,'4','49','data:image/png;base64,[BLOB]','BIHAR',NULL,'Cyclathon','2023-05-29 14:16:32.636000','2023-05-29 14:16:32.636000','2023-05-29 14:16:32.633000',NULL,NULL,'2023-05-01'),(274,NULL,'6','49','data:image/png;base64,[BLOB]','BIHAR',NULL,'Prabhat Feri, Poster Release ','2023-05-29 14:16:32.648000','2023-05-29 14:16:32.648000','2023-05-29 14:16:32.642000',NULL,NULL,'2023-06-02'),(275,NULL,'19','49','data:image/png;base64,[BLOB]','BIHAR',NULL,'Skill Showcase Competitions','2023-05-29 14:16:33.646000','2023-05-29 14:16:33.646000','2023-05-29 14:16:33.644000',NULL,NULL,'2023-06-10'),(276,NULL,'9','49','data:image/png;base64,[BLOB]','BIHAR',NULL,'Industry Immersion Visits ','2023-05-29 14:16:33.656000','2023-05-29 14:16:33.656000','2023-05-29 14:16:33.655000',NULL,NULL,'2023-06-05'),(277,NULL,'7','49','data:image/png;base64,[BLOB]','BIHAR',NULL,'Skill Hackathon','2023-05-29 14:16:33.665000','2023-05-29 14:16:33.665000','2023-05-29 14:16:33.660000',NULL,NULL,'2023-06-03'),(278,NULL,'18','49','data:image/png;base64,[BLOB]','BIHAR',NULL,'Expert Lecture by Industry Speakers','2023-05-29 14:16:33.670000','2023-05-29 14:16:33.670000','2023-05-29 14:16:33.668000',NULL,NULL,'2023-06-09'),(279,NULL,'3','50','data:image/png;base64,[BLOB]','UTTARAKHAND',NULL,'Skill Quiz Competition','2023-05-29 14:19:07.374000','2023-05-29 14:19:07.374000','2023-05-29 14:19:07.370000',NULL,NULL,'2023-06-01'),(280,NULL,'6','50','data:image/png;base64,[BLOB]','UTTARAKHAND',NULL,'Prabhat Feri, Poster Release ','2023-05-29 14:19:07.450000','2023-05-29 14:19:07.450000','2023-05-29 14:19:07.445000',NULL,NULL,'2023-06-02'),(281,NULL,'4','50','data:image/png;base64,[BLOB]','UTTARAKHAND',NULL,'Cyclathon','2023-05-29 14:19:07.479000','2023-05-29 14:19:07.479000','2023-05-29 14:19:07.474000',NULL,NULL,'2023-05-01'),(282,NULL,'7','50','data:image/png;base64,[BLOB]','UTTARAKHAND',NULL,'Skill Hackathon','2023-05-29 14:19:07.486000','2023-05-29 14:19:07.486000','2023-05-29 14:19:07.484000',NULL,NULL,'2023-06-03'),(283,NULL,'5','50','data:image/png;base64,[BLOB]','UTTARAKHAND',NULL,'Webinar Series','2023-05-29 14:19:07.500000','2023-05-29 14:19:07.500000','2023-05-29 14:19:07.496000',NULL,NULL,'2023-06-02'),(284,NULL,'8','50','data:image/png;base64,[BLOB]','UTTARAKHAND',NULL,'Swachhata Campaign','2023-05-29 14:19:07.518000','2023-05-29 14:19:07.518000','2023-05-29 14:19:07.511000',NULL,NULL,'2023-06-03'),(285,NULL,'10','50','data:image/png;base64,[BLOB]','UTTARAKHAND',NULL,'Tree Plantation Derive','2023-05-29 14:19:07.529000','2023-05-29 14:19:07.529000','2023-05-29 14:19:07.525000',NULL,NULL,'2023-06-05'),(286,NULL,'9','50','data:image/png;base64,[BLOB]','UTTARAKHAND',NULL,'Industry Immersion Visits ','2023-05-29 14:19:07.535000','2023-05-29 14:19:07.535000','2023-05-29 14:19:07.533000',NULL,NULL,'2023-06-05'),(287,NULL,'11','50','data:image/png;base64,[BLOB]','UTTARAKHAND',NULL,'Skill Masterclasses','2023-05-29 14:19:07.561000','2023-05-29 14:19:07.561000','2023-05-29 14:19:07.558000',NULL,NULL,'2023-06-06'),(288,NULL,'13','50','data:image/png;base64,[BLOB]','UTTARAKHAND',NULL,'Career Counselling Sessions','2023-05-29 14:19:07.567000','2023-05-29 14:19:07.567000','2023-05-29 14:19:07.565000',NULL,NULL,'2023-06-07'),(289,NULL,'12','50','data:image/png;base64,[BLOB]','UTTARAKHAND',NULL,'Face Painting/Rangoli Competition ','2023-05-29 14:19:07.787000','2023-05-29 14:19:07.787000','2023-05-29 14:19:07.784000',NULL,NULL,'2023-06-06'),(290,NULL,'15','50','data:image/png;base64,[BLOB]','UTTARAKHAND',NULL,'Entrepreneurship Bootcamp','2023-05-29 14:19:08.388000','2023-05-29 14:19:08.388000','2023-05-29 14:19:08.386000',NULL,NULL,'2023-06-08'),(291,NULL,'18','50','data:image/png;base64,[BLOB]','UTTARAKHAND',NULL,'Expert Lecture by Industry Speakers','2023-05-29 14:19:08.396000','2023-05-29 14:19:08.396000','2023-05-29 14:19:08.394000',NULL,NULL,'2023-06-09'),(292,NULL,'17','50','data:image/png;base64,[BLOB]','UTTARAKHAND',NULL,'Skill Innovation Challenge','2023-05-29 14:19:08.797000','2023-05-29 14:19:08.797000','2023-05-29 14:19:08.795000',NULL,NULL,'2023-06-09'),(293,NULL,'16','50','data:image/png;base64,[BLOB]','UTTARAKHAND',NULL,'Debate Competition','2023-05-29 14:19:08.806000','2023-05-29 14:19:08.806000','2023-05-29 14:19:08.804000',NULL,NULL,'2023-06-08'),(294,NULL,'19','50','data:image/png;base64,[BLOB]','UTTARAKHAND',NULL,'Skill Showcase Competitions','2023-05-29 14:19:09.387000','2023-05-29 14:19:09.387000','2023-05-29 14:19:09.383000',NULL,NULL,'2023-06-10'),(295,NULL,'21','50','data:image/png;base64,[BLOB]','UTTARAKHAND',NULL,'Skill Awareness Campaign','2023-05-29 14:19:09.801000','2023-05-29 14:19:09.801000','2023-05-29 14:19:09.799000',NULL,NULL,'2023-06-12'),(296,NULL,'23','50','data:image/png;base64,[BLOB]','UTTARAKHAND',NULL,'Skill Olympiad','2023-05-29 14:19:09.811000','2023-05-29 14:19:09.811000','2023-05-29 14:19:09.809000',NULL,NULL,'2023-06-13'),(297,NULL,'20','50','data:image/png;base64,[BLOB]','UTTARAKHAND',NULL,'Essay Writing Competition','2023-05-29 14:19:09.821000','2023-05-29 14:19:09.821000','2023-05-29 14:19:09.819000',NULL,NULL,'2023-06-10'),(298,NULL,'25','50','data:image/png;base64,[BLOB]','UTTARAKHAND',NULL,'Workshops','2023-05-29 14:19:09.829000','2023-05-29 14:19:09.829000','2023-05-29 14:19:09.826000',NULL,NULL,'2023-06-14'),(299,NULL,'27','50','data:image/png;base64,[BLOB]','UTTARAKHAND',NULL,'Workshop','2023-05-29 14:19:10.815000','2023-05-29 14:19:10.815000','2023-05-29 14:19:10.812000',NULL,NULL,'2023-06-15'),(300,NULL,'22','50','data:image/png;base64,[BLOB]','UTTARAKHAND',NULL,'Slogan Writing Competition','2023-05-29 14:19:10.825000','2023-05-29 14:19:10.825000','2023-05-29 14:19:10.823000',NULL,NULL,'2023-06-12'),(301,NULL,'24','50','data:image/png;base64,[BLOB]','UTTARAKHAND',NULL,'Yoga  Competition ','2023-05-29 14:19:10.834000','2023-05-29 14:19:10.834000','2023-05-29 14:19:10.832000',NULL,NULL,'2023-06-13'),(302,NULL,'26','50','data:image/png;base64,[BLOB]','UTTARAKHAND',NULL,'Career Counselling Session ','2023-05-29 14:19:10.848000','2023-05-29 14:19:10.848000','2023-05-29 14:19:10.842000',NULL,NULL,'2023-06-14'),(303,NULL,'14','50','data:image/png;base64,[BLOB]','UTTARAKHAND',NULL,'Marathon','2023-05-29 14:19:10.855000','2023-05-29 14:19:10.855000','2023-05-29 14:19:10.853000',NULL,NULL,'2023-06-07'),(304,NULL,'3','51','data:image/png;base64,[BLOB]','BIHAR',NULL,'Skill Quiz Competition','2023-05-29 14:19:42.655000','2023-05-29 14:19:42.655000','2023-05-29 14:19:42.653000',NULL,NULL,'2023-06-01'),(305,NULL,'4','51','data:image/png;base64,[BLOB]','BIHAR',NULL,'Cyclathon','2023-05-29 14:19:42.697000','2023-05-29 14:19:42.697000','2023-05-29 14:19:42.693000',NULL,NULL,'2023-05-01'),(306,NULL,'5','51','data:image/png;base64,[BLOB]','BIHAR',NULL,'Webinar Series','2023-05-29 14:19:42.714000','2023-05-29 14:19:42.714000','2023-05-29 14:19:42.712000',NULL,NULL,'2023-06-02'),(307,NULL,'6','51','data:image/png;base64,[BLOB]','BIHAR',NULL,'Prabhat Feri, Poster Release ','2023-05-29 14:19:42.739000','2023-05-29 14:19:42.739000','2023-05-29 14:19:42.735000',NULL,NULL,'2023-06-02'),(308,NULL,'7','51','data:image/png;base64,[BLOB]','BIHAR',NULL,'Skill Hackathon','2023-05-29 14:19:42.757000','2023-05-29 14:19:42.757000','2023-05-29 14:19:42.754000',NULL,NULL,'2023-06-03'),(309,NULL,'8','51','data:image/png;base64,[BLOB]','BIHAR',NULL,'Swachhata Campaign','2023-05-29 14:19:42.804000','2023-05-29 14:19:42.804000','2023-05-29 14:19:42.802000',NULL,NULL,'2023-06-03'),(310,NULL,'10','51','data:image/png;base64,[BLOB]','BIHAR',NULL,'Tree Plantation Derive','2023-05-29 14:19:42.819000','2023-05-29 14:19:42.819000','2023-05-29 14:19:42.812000',NULL,NULL,'2023-06-05'),(311,NULL,'9','51','data:image/png;base64,[BLOB]','BIHAR',NULL,'Industry Immersion Visits ','2023-05-29 14:19:42.838000','2023-05-29 14:19:42.838000','2023-05-29 14:19:42.836000',NULL,NULL,'2023-06-05'),(312,NULL,'11','51','data:image/png;base64,[BLOB]','BIHAR',NULL,'Skill Masterclasses','2023-05-29 14:19:42.866000','2023-05-29 14:19:42.866000','2023-05-29 14:19:42.864000',NULL,NULL,'2023-06-06'),(313,NULL,'12','51','data:image/png;base64,[BLOB]','BIHAR',NULL,'Face Painting/Rangoli Competition ','2023-05-29 14:19:42.893000','2023-05-29 14:19:42.893000','2023-05-29 14:19:42.890000',NULL,NULL,'2023-06-06'),(314,NULL,'14','51','data:image/png;base64,[BLOB]','BIHAR',NULL,'Marathon','2023-05-29 14:19:42.913000','2023-05-29 14:19:42.913000','2023-05-29 14:19:42.910000',NULL,NULL,'2023-06-07'),(315,NULL,'16','51','data:image/png;base64,[BLOB]','BIHAR',NULL,'Debate Competition','2023-05-29 14:19:42.955000','2023-05-29 14:19:42.955000','2023-05-29 14:19:42.953000',NULL,NULL,'2023-06-08'),(316,NULL,'15','51','data:image/png;base64,[BLOB]','BIHAR',NULL,'Entrepreneurship Bootcamp','2023-05-29 14:19:42.975000','2023-05-29 14:19:42.975000','2023-05-29 14:19:42.973000',NULL,NULL,'2023-06-08'),(317,NULL,'24','51','data:image/png;base64,[BLOB]','BIHAR',NULL,'Yoga  Competition ','2023-05-29 14:19:42.993000','2023-05-29 14:19:42.993000','2023-05-29 14:19:42.991000',NULL,NULL,'2023-06-13'),